{"id":792,"date":"2022-06-24T19:41:14","date_gmt":"2022-06-24T17:41:14","guid":{"rendered":"https:\/\/pds.ffzg.unizg.hr\/eka\/?page_id=792"},"modified":"2025-11-30T22:38:08","modified_gmt":"2025-11-30T21:38:08","slug":"hodogram-studija-2","status":"publish","type":"page","link":"https:\/\/pds.ffzg.unizg.hr\/eka\/hodogram-studija-2\/","title":{"rendered":"Hodogram studija"},"content":{"rendered":"\t\t<div data-elementor-type=\"wp-page\" data-elementor-id=\"792\" class=\"elementor elementor-792\">\n\t\t\t\t\t\t<section class=\"elementor-section elementor-top-section elementor-element elementor-element-362d53c elementor-section-boxed elementor-section-height-default elementor-section-height-default\" data-id=\"362d53c\" data-element_type=\"section\">\n\t\t\t\t\t\t<div class=\"elementor-container elementor-column-gap-wider\">\n\t\t\t\t\t<div class=\"elementor-column elementor-col-100 elementor-top-column elementor-element elementor-element-443d541\" data-id=\"443d541\" data-element_type=\"column\">\n\t\t\t<div class=\"elementor-widget-wrap elementor-element-populated\">\n\t\t\t\t\t\t<div class=\"elementor-element elementor-element-1c1b227 elementor-widget elementor-widget-heading\" data-id=\"1c1b227\" data-element_type=\"widget\" data-widget_type=\"heading.default\">\n\t\t\t\t<div class=\"elementor-widget-container\">\n\t\t\t\t\t<h3 class=\"elementor-heading-title elementor-size-default\">Hodogram studija ili programski uvjeti za napredovanje tijekom studija<\/h3>\t\t\t\t<\/div>\n\t\t\t\t<\/div>\n\t\t\t\t\t<\/div>\n\t\t<\/div>\n\t\t\t\t\t<\/div>\n\t\t<\/section>\n\t\t\t\t<section class=\"elementor-section elementor-top-section elementor-element elementor-element-ce3c95a elementor-section-boxed elementor-section-height-default elementor-section-height-default\" data-id=\"ce3c95a\" data-element_type=\"section\">\n\t\t\t\t\t\t<div class=\"elementor-container elementor-column-gap-default\">\n\t\t\t\t\t<div class=\"elementor-column elementor-col-100 elementor-top-column elementor-element elementor-element-4327ef6\" data-id=\"4327ef6\" data-element_type=\"column\">\n\t\t\t<div class=\"elementor-widget-wrap elementor-element-populated\">\n\t\t\t\t\t\t<div class=\"elementor-element elementor-element-b8e00e0 elementor-invisible elementor-widget elementor-widget-timeline-widget-addon\" data-id=\"b8e00e0\" data-element_type=\"widget\" data-settings=\"{&quot;_animation&quot;:&quot;bounce&quot;}\" data-widget_type=\"timeline-widget-addon.default\">\n\t\t\t\t<div class=\"elementor-widget-container\">\n\t\t\t\t\t<!-- ========= Timeline Widget  Addon For Elementor 1.6.13 ========= -->\n<div id=\"twae-wrapper-b8e00e0\" class=\"twae-wrapper twae-horizontal-timeline\">\n<div class=\"twae-wrapper-inside\">\n <div id=\"twae-slider-container-b8e00e0\" data-dir=\"\" data-slidestoshow=\"7\" data-autoplay=\"true\" data-auto-height=\"true\" class=\"twae-slider-container swiper-container\">\n <div  class=\"twae-slider-wrapper swiper-wrapper no-height\"><!-- Start of Story Repeater Content --><div id=\"twae-article-558d5f2\" class=\"twae-repeater-item twae-story swiper-slide twae-story-no-icon\"><!-- Story Icon --><div class=\"twae-icon\"><i aria-hidden=\"true\" class=\"fas fa-thermometer-empty\"><\/i><\/div><!-- Story Arrow --><div class=\"twae-arrow\"><\/div><!-- Start of Story Content --><div class=\"twae-content\"><!-- Story Title --><div class=\"twae-title\">Uvjeti za upis II. semestra<\/div><!-- Story Description --><div class=\"twae-description\"><p style=\"text-align: center\"><span style=\"font-weight: 400;font-size: 10pt;color: #000000\">izra\u0111en Hodogram istra\u017eivanja i individualni plan razvoja<\/span><\/p><p style=\"text-align: center\"><span style=\"color: #000000\">\u2666<\/span><\/p><p style=\"text-align: center\"><span style=\"font-weight: 400;font-size: 10pt;color: #000000\">odslu\u0161an i polo\u017een jedan obvezni kolegij (10 ECTS)<\/span><\/p><p style=\"text-align: center\"><span style=\"color: #000000\">\u2666<\/span><\/p><p style=\"text-align: center\"><span style=\"font-weight: 400;font-size: 10pt;color: #000000\">odslu\u0161ana dva izborna kolegija, polo\u017een barem jedan (5+5 ECTS)<\/span><\/p><p style=\"text-align: center\"><span style=\"color: #000000\">\u2666<\/span><\/p><p style=\"text-align: center\"><span style=\"font-weight: 400;font-size: 10pt;color: #000000\">odra\u0111ena jedna faza istra\u017eivanja \u2013 Istra\u017eiva\u010dki rad I (prema Hodogramu) (5 ECTS)<\/span><\/p><p style=\"text-align: center\"><span style=\"color: #000000\">\u2666<\/span><\/p><p style=\"text-align: center\"><span style=\"font-size: 10pt;color: #000000\"><span style=\"font-weight: 400\">odra\u0111en <\/span><i><span style=\"font-weight: 400\">Privatissimum<\/span><\/i><span style=\"font-weight: 400\"> I (Rad sa studijskim savjetnikom) (5 ECTS)<\/span><\/span><\/p><p style=\"text-align: center\"><span style=\"font-size: 10pt;color: #000000\"><span style=\"font-weight: 400\">\u2666\u00a0<\/span><\/span><\/p><p style=\"text-align: center\"><span style=\"font-weight: 400;font-size: 10pt;color: #000000\">odra\u0111ena Doktorska radionica I (3 ECTS)<\/span><\/p><p style=\"text-align: center\"><span style=\"color: #000000\">\u2666<\/span><\/p><p style=\"text-align: center\"><span style=\"font-weight: 400;font-size: 10pt;color: #000000\">odra\u0111en Doktorski praktikum I (javno obranjen Hodogram istra\u017eivanja, individualni plan razvoja te rezultati istra\u017eiva\u010dkog rada pred nastavnicima i studentima) (2 ECTS).<\/span><\/p><\/div><\/div><\/div><!-- Start of Story Repeater Content --><div id=\"twae-article-963d72f\" class=\"twae-repeater-item twae-story swiper-slide twae-story-no-icon\"><!-- Story Icon --><div class=\"twae-icon\"><i aria-hidden=\"true\" class=\"fas fa-thermometer-quarter\"><\/i><\/div><!-- Story Arrow --><div class=\"twae-arrow\"><\/div><!-- Start of Story Content --><div class=\"twae-content\"><!-- Story Title --><div class=\"twae-title twae-title\">Uvjeti za upis III. semestra<\/div><!-- Story Description --><div class=\"twae-description twae-description\"><p style=\"text-align: center\"><span style=\"font-weight: 400;font-size: 10pt;color: #000000\">odslu\u0161an i polo\u017een jedan obvezni kolegij (10 ECTS)<\/span><\/p><p style=\"text-align: center\"><span style=\"color: #000000\">\u2666<\/span><\/p><p style=\"text-align: center\"><span style=\"font-weight: 400;font-size: 10pt;color: #000000\">odslu\u0161ana dva izborna kolegija, polo\u017een barem jedan (5+5 ECTS)<\/span><\/p><p style=\"text-align: center\"><span style=\"color: #000000\">\u2666<\/span><\/p><p style=\"text-align: center\"><span style=\"font-weight: 400;font-size: 10pt;color: #000000\">odra\u0111ena jedna faza istra\u017eivanja \u2013 Istra\u017eiva\u010dki rad II (prema Hodogramu) (5 ECTS)\u00a0<\/span><\/p><p style=\"text-align: center\"><span style=\"color: #000000\">\u2666<\/span><\/p><p style=\"text-align: center\"><span style=\"font-size: 10pt;color: #000000\"><span style=\"font-weight: 400\">odra\u0111en <\/span><i><span style=\"font-weight: 400\">Privatissimum<\/span><\/i><span style=\"font-weight: 400\"> II (Rad sa studijskim savjetnikom) (izra\u0111en prijedlog istra\u017eivanja <\/span> <span style=\"font-weight: 400\">tj. prijedlog teme doktorskog rada koji \u0107e biti predan Eti\u010dkom povjerenstvu prije javne <\/span> <span style=\"font-weight: 400\">obrane sinopsisa; izra\u0111en sinopsis na DR.01 obrascu) (5 ECTS)<\/span><\/span><\/p><p style=\"text-align: center\"><span style=\"color: #000000\">\u2666<\/span><\/p><p style=\"text-align: center\"><span style=\"font-weight: 400;font-size: 10pt;color: #000000\">odra\u0111ena Doktorska radionica II (3 ECTS)<\/span><\/p><p style=\"text-align: center\"><span style=\"color: #000000\">\u2666<\/span><\/p><p style=\"text-align: center\"><span style=\"font-size: 10pt;color: #000000\"><span style=\"font-weight: 400\">odra\u0111en Doktorski praktikum II (predstavljen prijedlog teme doktorskog istra\u017eivanja <\/span> <span style=\"font-weight: 400\">pred nastavnicima i studentima) (2 ECTS)<\/span><\/span><\/p><p style=\"text-align: center\"><span style=\"color: #000000\">\u2666<\/span><\/p><p style=\"text-align: center\"><span style=\"font-weight: 400;font-size: 10pt;color: #000000\">sinopsis doktorskog rada predan na ocjenu.<\/span><\/p><\/div><\/div><\/div><!-- Start of Story Repeater Content --><div id=\"twae-article-982a64b\" class=\"twae-repeater-item twae-story swiper-slide twae-story-no-icon\"><!-- Story Icon --><div class=\"twae-icon\"><i aria-hidden=\"true\" class=\"fas fa-thermometer-half\"><\/i><\/div><!-- Story Arrow --><div class=\"twae-arrow\"><\/div><!-- Start of Story Content --><div class=\"twae-content\"><!-- Story Title --><div class=\"twae-title twae-title twae-title\">Uvjeti za upis IV. semestra<\/div><!-- Story Description --><div class=\"twae-description twae-description twae-description\"><p style=\"text-align: center\"><span style=\"font-weight: 400;font-size: 10pt;color: #000000\">odra\u0111ena jedna faza istra\u017eivanja \u2013 Istra\u017eiva\u010dki rad III (prema Hodogramu) (10 ECTS)<\/span><\/p><p style=\"text-align: center\"><span style=\"color: #000000\">\u2666<\/span><\/p><p style=\"text-align: center\"><span style=\"font-size: 10pt;color: #000000\"><span style=\"font-weight: 400\">odra\u0111en <\/span><i><span style=\"font-weight: 400\">Privatissimum<\/span><\/i><span style=\"font-weight: 400\"> III (Rad s mentorom) (5 ECTS)<\/span><\/span><\/p><p style=\"text-align: center\"><span style=\"color: #000000\">\u2666<\/span><\/p><p style=\"text-align: center\"><span style=\"font-weight: 400;font-size: 10pt;color: #000000\">odra\u0111ena Doktorska radionica III (3 ECTS)<\/span><\/p><p style=\"text-align: center\"><span style=\"color: #000000\">\u2666<\/span><\/p><p style=\"text-align: center\"><span style=\"font-weight: 400;font-size: 10pt;color: #000000\">odra\u0111en Doktorski praktikum III (2 ECTS)<\/span><\/p><p style=\"text-align: center\"><span style=\"color: #000000\">\u2666<\/span><\/p><p style=\"text-align: center\"><span style=\"font-weight: 400;font-size: 10pt;color: #000000\">odra\u0111ena izborna aktivnost s popisa (5 ECTS).<\/span><\/p><\/div><\/div><\/div><!-- Start of Story Repeater Content --><div id=\"twae-article-861e3b1\" class=\"twae-repeater-item twae-story swiper-slide twae-story-no-icon\"><!-- Story Icon --><div class=\"twae-icon\"><i aria-hidden=\"true\" class=\"fas fa-thermometer-three-quarters\"><\/i><\/div><!-- Story Arrow --><div class=\"twae-arrow\"><\/div><!-- Start of Story Content --><div class=\"twae-content\"><!-- Story Title --><div class=\"twae-title twae-title twae-title twae-title\">Uvjeti za upis V. semestra<\/div><!-- Story Description --><div class=\"twae-description twae-description twae-description twae-description\"><p style=\"text-align: center\"><span style=\"font-weight: 400;font-size: 10pt;color: #000000\">polo\u017eeni svi izborni kolegiji\u00a0<\/span><\/p><p style=\"text-align: center\"><span style=\"color: #000000\">\u2666<\/span><\/p><p style=\"text-align: center\"><span style=\"font-weight: 400;font-size: 10pt;color: #000000\">odra\u0111ena jedna faza istra\u017eivanja \u2013 Istra\u017eiva\u010dki rad IV (prema Hodogramu) (10 ECTS)<\/span><\/p><p style=\"text-align: center\"><span style=\"color: #000000\">\u2666<\/span><\/p><p style=\"text-align: center\"><span style=\"font-size: 10pt;color: #000000\"><span style=\"font-weight: 400\">odra\u0111en <\/span><i><span style=\"font-weight: 400\">Privatissimum<\/span><\/i><span style=\"font-weight: 400\"> IV (Rad s mentorom)\u00a0 (5 ECTS)<\/span><\/span><\/p><p style=\"text-align: center\"><span style=\"color: #000000\">\u2666<\/span><\/p><p style=\"text-align: center\"><span style=\"font-weight: 400;font-size: 10pt;color: #000000\">odra\u0111ena Doktorska radionica IV (3 ECTS)<\/span><\/p><p style=\"text-align: center\"><span style=\"color: #000000\">\u2666<\/span><\/p><p style=\"text-align: center\"><span style=\"font-weight: 400;font-size: 10pt;color: #000000\">odra\u0111en Doktorski praktikum IV (2 ECTS)<\/span><\/p><p style=\"text-align: center\"><span style=\"color: #000000\">\u2666<\/span><\/p><p style=\"text-align: center\"><span style=\"font-weight: 400;font-size: 10pt;color: #000000\">odra\u0111ena izborna aktivnost s popisa (5 ECTS).<\/span><\/p><\/div><\/div><\/div><!-- Start of Story Repeater Content --><div id=\"twae-article-07ea723\" class=\"twae-repeater-item twae-story swiper-slide twae-story-no-icon\"><!-- Story Icon --><div class=\"twae-icon\"><i aria-hidden=\"true\" class=\"fas fa-thermometer-full\"><\/i><\/div><!-- Story Arrow --><div class=\"twae-arrow\"><\/div><!-- Start of Story Content --><div class=\"twae-content\"><!-- Story Title --><div class=\"twae-title twae-title twae-title twae-title twae-title\">Uvjeti za upis VI. semestra<\/div><!-- Story Description --><div class=\"twae-description twae-description twae-description twae-description twae-description\"><p style=\"text-align: center\"><span style=\"font-weight: 400;font-size: 10pt;color: #000000\">odra\u0111ena jedna faza istra\u017eivanja \u2013 Istra\u017eiva\u010dki rad V (prema Hodogramu) (15 ECTS)<\/span><\/p><p style=\"text-align: center\"><span style=\"color: #000000\">\u2666<\/span><\/p><p style=\"text-align: center\"><span style=\"font-size: 10pt;color: #000000\"><span style=\"font-weight: 400\">odra\u0111en <\/span><i><span style=\"font-weight: 400\">Privatissimum<\/span><\/i><span style=\"font-weight: 400\"> V (Rad s mentorom) (5 ECTS)<\/span><\/span><\/p><p style=\"text-align: center\"><span style=\"color: #000000\">\u2666<\/span><\/p><p style=\"text-align: center\"><span style=\"font-weight: 400;font-size: 10pt;color: #000000\">odra\u0111ena Doktorska radionica V (3 ECTS)<\/span><\/p><p style=\"text-align: center\"><span style=\"color: #000000\">\u2666<\/span><\/p><p style=\"text-align: center\"><span style=\"font-weight: 400;font-size: 10pt;color: #000000\">odra\u0111en Doktorski praktikum V (2 ECTS)<\/span><\/p><p style=\"text-align: center\"><span style=\"color: #000000\">\u2666<\/span><\/p><p style=\"text-align: center\"><span style=\"font-weight: 400;font-size: 10pt;color: #000000\">odra\u0111ena izborna aktivnost s popisa (5 ECTS).<\/span><\/p><\/div><\/div><\/div><!-- Start of Story Repeater Content --><div id=\"twae-article-2d73795\" class=\"twae-repeater-item twae-story swiper-slide twae-story-no-icon\"><!-- Story Icon --><div class=\"twae-icon\"><i aria-hidden=\"true\" class=\"fas fa-thermometer\"><\/i><\/div><!-- Story Arrow --><div class=\"twae-arrow\"><\/div><!-- Start of Story Content --><div class=\"twae-content\"><!-- Story Title --><div class=\"twae-title twae-title twae-title twae-title twae-title twae-title\">Tijekom VI. semestra<\/div><!-- Story Description --><div class=\"twae-description twae-description twae-description twae-description twae-description twae-description\"><p style=\"text-align: center\"><span style=\"font-weight: 400;font-size: 10pt;color: #000000\">odra\u0111ena jedna faza istra\u017eivanja \u2013 Istra\u017eiva\u010dki rad VI (prema Hodogramu) (20 ECTS)<\/span><\/p><p style=\"text-align: center\"><span style=\"color: #000000\">\u2666<\/span><\/p><p style=\"text-align: center\"><span style=\"font-size: 10pt;color: #000000\"><span style=\"font-weight: 400\">odra\u0111en <\/span><i><span style=\"font-weight: 400\">Privatissimum<\/span><\/i><span style=\"font-weight: 400\"> VI (Rad s mentorom) (5 ECTS)<\/span><\/span><\/p><p style=\"text-align: center\"><span style=\"color: #000000\">\u2666<\/span><\/p><p style=\"text-align: center\"><span style=\"font-weight: 400;font-size: 10pt;color: #000000\">odra\u0111ena izborna aktivnost s popisa (5 ECTS).<\/span><\/p><\/div><\/div><\/div><!-- Start of Story Repeater Content --><div id=\"twae-article-12a1687\" class=\"twae-repeater-item twae-story swiper-slide twae-story-no-icon\"><!-- Story Icon --><div class=\"twae-icon\"><i aria-hidden=\"true\" class=\"fas fa-user-graduate\"><\/i><\/div><!-- Story Arrow --><div class=\"twae-arrow\"><\/div><!-- Start of Story Content --><div class=\"twae-content\"><!-- Story Title --><div class=\"twae-title twae-title twae-title twae-title twae-title twae-title twae-title\">Preostale obveze do kraja studija<\/div><!-- Story Description --><div class=\"twae-description twae-description twae-description twae-description twae-description twae-description twae-description\"><p style=\"text-align: center\"><span style=\"font-weight: 400;font-size: 10pt;color: #000000\">ostale aktivnosti \u2013 obvezne (Objavljen znanstveni rad)<\/span><\/p><p style=\"text-align: center\"><span style=\"color: #000000\">\u2666<\/span><\/p><p style=\"text-align: center\"><span style=\"color: #000000\"><strong><span style=\"font-size: 10pt\">Javna obrana doktorskog rada.<\/span><\/strong><\/span><\/p><\/div><\/div><\/div><\/div><\/div><\/div> <!-- Add Arrows -->\n       <div class=\"twae-button-prev\"><i class=\"fas fa-chevron-left\"><\/i><\/div>\n       <div class=\"twae-button-next\"><i class=\"fas fa-chevron-right\"><\/i><\/div>\n       <div class=\"twae-h-line\"><\/div>\n       <div class=\"twae-line-fill\"><\/div>\n    <\/div><style type=\"text\/css\">@media (max-width: 1024px){ .twae-wrapper{--tw-ybx-size: 75px !important;}}@media (max-width: 767px){ .twae-wrapper{--tw-ybx-size: 75px !important}}<\/style>\t\t\t\t<\/div>\n\t\t\t\t<\/div>\n\t\t\t\t\t<\/div>\n\t\t<\/div>\n\t\t\t\t\t<\/div>\n\t\t<\/section>\n\t\t\t\t<section class=\"elementor-section elementor-top-section elementor-element elementor-element-a8ae0ac elementor-section-boxed elementor-section-height-default elementor-section-height-default\" data-id=\"a8ae0ac\" data-element_type=\"section\">\n\t\t\t\t\t\t<div class=\"elementor-container elementor-column-gap-default\">\n\t\t\t\t\t<div class=\"elementor-column elementor-col-100 elementor-top-column elementor-element elementor-element-ad7c517\" data-id=\"ad7c517\" data-element_type=\"column\">\n\t\t\t<div class=\"elementor-widget-wrap elementor-element-populated\">\n\t\t\t\t\t\t<div class=\"elementor-element elementor-element-c8836d5 elementor-arrows-position-inside elementor-pagination-position-outside elementor-widget elementor-widget-image-carousel\" data-id=\"c8836d5\" data-element_type=\"widget\" data-settings=\"{&quot;slides_to_show&quot;:&quot;1&quot;,&quot;navigation&quot;:&quot;both&quot;,&quot;autoplay&quot;:&quot;yes&quot;,&quot;pause_on_hover&quot;:&quot;yes&quot;,&quot;pause_on_interaction&quot;:&quot;yes&quot;,&quot;autoplay_speed&quot;:5000,&quot;infinite&quot;:&quot;yes&quot;,&quot;effect&quot;:&quot;slide&quot;,&quot;speed&quot;:500}\" data-widget_type=\"image-carousel.default\">\n\t\t\t\t<div class=\"elementor-widget-container\">\n\t\t\t\t\t\t\t<div class=\"elementor-image-carousel-wrapper swiper\" role=\"region\" aria-roledescription=\"carousel\" aria-label=\"Vrtuljak slika\" dir=\"ltr\">\n\t\t\t<div class=\"elementor-image-carousel swiper-wrapper swiper-image-stretch\" aria-live=\"off\">\n\t\t\t\t\t\t\t\t<div class=\"swiper-slide\" role=\"group\" aria-roledescription=\"slide\" aria-label=\"1 of 6\"><figure class=\"swiper-slide-inner\"><img decoding=\"async\" class=\"swiper-slide-image\" src=\"https:\/\/pds.ffzg.unizg.hr\/eka\/wp-content\/uploads\/sites\/6\/2022\/06\/culture-g7de7c4130_1920-3.jpg\" alt=\"culture-g7de7c4130_1920-3\" \/><\/figure><\/div><div class=\"swiper-slide\" role=\"group\" aria-roledescription=\"slide\" aria-label=\"2 of 6\"><figure class=\"swiper-slide-inner\"><img decoding=\"async\" class=\"swiper-slide-image\" src=\"https:\/\/pds.ffzg.unizg.hr\/eka\/wp-content\/uploads\/sites\/6\/2022\/06\/indian-gb2f96309a_1920-1.jpg\" alt=\"indian-gb2f96309a_1920-1\" \/><\/figure><\/div><div class=\"swiper-slide\" role=\"group\" aria-roledescription=\"slide\" aria-label=\"3 of 6\"><figure class=\"swiper-slide-inner\"><img decoding=\"async\" class=\"swiper-slide-image\" src=\"https:\/\/pds.ffzg.unizg.hr\/eka\/wp-content\/uploads\/sites\/6\/2022\/06\/iceland-g7aa6e2e9d_1920.jpg\" alt=\"iceland-g7aa6e2e9d_1920\" \/><\/figure><\/div><div class=\"swiper-slide\" role=\"group\" aria-roledescription=\"slide\" aria-label=\"4 of 6\"><figure class=\"swiper-slide-inner\"><img decoding=\"async\" class=\"swiper-slide-image\" src=\"https:\/\/pds.ffzg.unizg.hr\/eka\/wp-content\/uploads\/sites\/6\/2022\/06\/cropped-sea-gbc7d8cd66_1920.jpg\" alt=\"cropped-sea-gbc7d8cd66_1920.jpg\" \/><\/figure><\/div><div class=\"swiper-slide\" role=\"group\" aria-roledescription=\"slide\" aria-label=\"5 of 6\"><figure class=\"swiper-slide-inner\"><img decoding=\"async\" class=\"swiper-slide-image\" src=\"https:\/\/pds.ffzg.unizg.hr\/eka\/wp-content\/uploads\/sites\/6\/2022\/06\/cropped-ukraine-g17ca13fb7_1920.jpg\" alt=\"cropped-ukraine-g17ca13fb7_1920.jpg\" \/><\/figure><\/div><div class=\"swiper-slide\" role=\"group\" aria-roledescription=\"slide\" aria-label=\"6 of 6\"><figure class=\"swiper-slide-inner\"><img decoding=\"async\" class=\"swiper-slide-image\" src=\"https:\/\/pds.ffzg.unizg.hr\/eka\/wp-content\/uploads\/sites\/6\/2022\/06\/mountain-gd77eca7b7_1920.jpg\" alt=\"mountain-gd77eca7b7_1920\" \/><\/figure><\/div>\t\t\t<\/div>\n\t\t\t\t\t\t\t\t\t\t\t\t<div class=\"elementor-swiper-button elementor-swiper-button-prev\" role=\"button\" tabindex=\"0\">\n\t\t\t\t\t\t<i aria-hidden=\"true\" class=\"eicon-chevron-left\"><\/i>\t\t\t\t\t<\/div>\n\t\t\t\t\t<div class=\"elementor-swiper-button elementor-swiper-button-next\" role=\"button\" tabindex=\"0\">\n\t\t\t\t\t\t<i aria-hidden=\"true\" class=\"eicon-chevron-right\"><\/i>\t\t\t\t\t<\/div>\n\t\t\t\t\n\t\t\t\t\t\t\t\t\t<div class=\"swiper-pagination\"><\/div>\n\t\t\t\t\t\t\t\t\t<\/div>\n\t\t\t\t\t\t<\/div>\n\t\t\t\t<\/div>\n\t\t\t\t\t<\/div>\n\t\t<\/div>\n\t\t\t\t\t<\/div>\n\t\t<\/section>\n\t\t\t\t<\/div>\n\t\t","protected":false},"excerpt":{"rendered":"<p>Hodogram studija ili programski uvjeti za napredovanje tijekom studija Uvjeti za upis II. semestra izra\u0111en Hodogram istra\u017eivanja i individualni plan razvoja \u2666 odslu\u0161an i polo\u017een jedan obvezni kolegij (10 ECTS) \u2666 odslu\u0161ana dva izborna kolegija, polo\u017een barem jedan (5+5 ECTS) \u2666 odra\u0111ena jedna faza istra\u017eivanja \u2013 Istra\u017eiva\u010dki rad I (prema Hodogramu) (5 ECTS) \u2666 odra\u0111en [&hellip;]<\/p>\n","protected":false},"author":4,"featured_media":0,"parent":0,"menu_order":0,"comment_status":"closed","ping_status":"closed","template":"","meta":{"site-sidebar-layout":"no-sidebar","site-content-layout":"page-builder","ast-site-content-layout":"default","site-content-style":"default","site-sidebar-style":"default","ast-global-header-display":"","ast-banner-title-visibility":"","ast-main-header-display":"","ast-hfb-above-header-display":"","ast-hfb-below-header-display":"","ast-hfb-mobile-header-display":"","site-post-title":"disabled","ast-breadcrumbs-content":"","ast-featured-img":"disabled","footer-sml-layout":"","theme-transparent-header-meta":"","adv-header-id-meta":"","stick-header-meta":"","header-above-stick-meta":"","header-main-stick-meta":"","header-below-stick-meta":"","astra-migrate-meta-layouts":"default","ast-page-background-enabled":"default","ast-page-background-meta":{"desktop":{"background-color":"var(--ast-global-color-4)","background-image":"","background-repeat":"repeat","background-position":"center center","background-size":"auto","background-attachment":"scroll","background-type":"","background-media":"","overlay-type":"","overlay-color":"","overlay-opacity":"","overlay-gradient":""},"tablet":{"background-color":"","background-image":"","background-repeat":"repeat","background-position":"center center","background-size":"auto","background-attachment":"scroll","background-type":"","background-media":"","overlay-type":"","overlay-color":"","overlay-opacity":"","overlay-gradient":""},"mobile":{"background-color":"","background-image":"","background-repeat":"repeat","background-position":"center center","background-size":"auto","background-attachment":"scroll","background-type":"","background-media":"","overlay-type":"","overlay-color":"","overlay-opacity":"","overlay-gradient":""}},"ast-content-background-meta":{"desktop":{"background-color":"var(--ast-global-color-5)","background-image":"","background-repeat":"repeat","background-position":"center center","background-size":"auto","background-attachment":"scroll","background-type":"","background-media":"","overlay-type":"","overlay-color":"","overlay-opacity":"","overlay-gradient":""},"tablet":{"background-color":"var(--ast-global-color-5)","background-image":"","background-repeat":"repeat","background-position":"center center","background-size":"auto","background-attachment":"scroll","background-type":"","background-media":"","overlay-type":"","overlay-color":"","overlay-opacity":"","overlay-gradient":""},"mobile":{"background-color":"var(--ast-global-color-5)","background-image":"","background-repeat":"repeat","background-position":"center center","background-size":"auto","background-attachment":"scroll","background-type":"","background-media":"","overlay-type":"","overlay-color":"","overlay-opacity":"","overlay-gradient":""}},"footnotes":""},"class_list":["post-792","page","type-page","status-publish","hentry"],"jetpack_sharing_enabled":true,"_links":{"self":[{"href":"https:\/\/pds.ffzg.unizg.hr\/eka\/wp-json\/wp\/v2\/pages\/792","targetHints":{"allow":["GET"]}}],"collection":[{"href":"https:\/\/pds.ffzg.unizg.hr\/eka\/wp-json\/wp\/v2\/pages"}],"about":[{"href":"https:\/\/pds.ffzg.unizg.hr\/eka\/wp-json\/wp\/v2\/types\/page"}],"author":[{"embeddable":true,"href":"https:\/\/pds.ffzg.unizg.hr\/eka\/wp-json\/wp\/v2\/users\/4"}],"replies":[{"embeddable":true,"href":"https:\/\/pds.ffzg.unizg.hr\/eka\/wp-json\/wp\/v2\/comments?post=792"}],"version-history":[{"count":34,"href":"https:\/\/pds.ffzg.unizg.hr\/eka\/wp-json\/wp\/v2\/pages\/792\/revisions"}],"predecessor-version":[{"id":2354,"href":"https:\/\/pds.ffzg.unizg.hr\/eka\/wp-json\/wp\/v2\/pages\/792\/revisions\/2354"}],"wp:attachment":[{"href":"https:\/\/pds.ffzg.unizg.hr\/eka\/wp-json\/wp\/v2\/media?parent=792"}],"curies":[{"name":"wp","href":"https:\/\/api.w.org\/{rel}","templated":true}]}}