{"id":14,"date":"2017-06-13T20:23:44","date_gmt":"2017-06-13T20:23:44","guid":{"rendered":"http:\/\/pds.ffzg.unizg.hr\/glotodidaktika\/?page_id=14"},"modified":"2024-12-14T09:36:39","modified_gmt":"2024-12-14T09:36:39","slug":"informacije-o-studiju","status":"publish","type":"page","link":"https:\/\/pds.ffzg.unizg.hr\/glotodidaktika\/informacije-o-studiju\/","title":{"rendered":"O studiju"},"content":{"rendered":"\t\t<div data-elementor-type=\"wp-page\" data-elementor-id=\"14\" class=\"elementor elementor-14\">\n\t\t\t\t\t\t<section class=\"elementor-section elementor-top-section elementor-element elementor-element-18bca85d elementor-section-boxed elementor-section-height-default elementor-section-height-default\" data-id=\"18bca85d\" data-element_type=\"section\">\n\t\t\t\t\t\t<div class=\"elementor-container elementor-column-gap-default\">\n\t\t\t\t\t<div class=\"elementor-column elementor-col-100 elementor-top-column elementor-element elementor-element-242fff47\" data-id=\"242fff47\" data-element_type=\"column\">\n\t\t\t<div class=\"elementor-widget-wrap elementor-element-populated\">\n\t\t\t\t\t\t<div class=\"elementor-element elementor-element-7d4a8816 elementor-widget elementor-widget-text-editor\" data-id=\"7d4a8816\" data-element_type=\"widget\" data-widget_type=\"text-editor.default\">\n\t\t\t\t<div class=\"elementor-widget-container\">\n\t\t\t\t\t\t\t\t\t<p><span style=\"color: #333333;font-family: helvetica, arial, sans-serif\">Doktorski studij <strong>Glotodidaktika<\/strong> pru\u017ea jedinstvenu priliku za stjecanje najvi\u0161eg stupnja znanstvenoistra\u017eiva\u010dkih znanja i vje\u0161tina potrebnih za istra\u017eivanje ovladavanja inim jezicima. Kao jedini takav program u Hrvatskoj uklju\u010duje vode\u0107e stru\u010dnjake s razli\u010ditih sveu\u010dili\u0161ta, specijalizirane za razne jezike, uklju\u010duju\u0107i hrvatski kao drugi jezik, te stru\u010dnjake iz humanisti\u010dkih i dru\u0161tvenih znanosti.<\/span><\/p>\n<p><span style=\"color: #333333;font-family: helvetica, arial, sans-serif\"><!-- \/wp:paragraph --><!-- wp:paragraph --><\/span><\/p>\n<p><span style=\"color: #333333;font-family: helvetica, arial, sans-serif\"><strong>Ciljevi i va\u017enost<\/strong><\/span><br \/><span style=\"color: #333333;font-family: helvetica, arial, sans-serif\">Studij odgovara potrebama diplomanta neofilolo\u0161kih studija koji \u017eele nastaviti znanstvenoistra\u017eiva\u010dki razvoj. U dru\u0161tvu postoji sve ve\u0107a potreba za stru\u010dnjacima koji \u0107e pobolj\u0161ati razumijevanje i u\u010dinkovitost ovladavanja inim jezicima. Spoznaje proiza\u0161le iz znanstvenog pristupa pou\u010davanju inih jezika, uklju\u010duju\u0107i standardni hrvatski kao drugi jezik, doprinose pobolj\u0161anju obrazovnih praksi na nacionalnoj razini.<\/span><\/p>\n<p><span style=\"color: #333333;font-family: helvetica, arial, sans-serif\"><!-- \/wp:paragraph --><!-- wp:paragraph --><\/span><\/p>\n<p><span style=\"color: #333333;font-family: helvetica, arial, sans-serif\"><strong>Mogu\u0107nosti zapo\u0161ljavanja<\/strong><\/span><br \/><span style=\"color: #333333;font-family: helvetica, arial, sans-serif\">Doktorandi glotodidaktike mogu se zaposliti na filozofskim i pedago\u0161kim visoko\u0161kolskim ustanovama, znanstvenoistra\u017eiva\u010dkim institutima te u dr\u017eavnim ministarstvima. Mogu obavljati savjetodavne uloge, organizirati i provoditi istra\u017eivanja te oblikovati politiku nastave stranih jezika u Republici Hrvatskoj i u inozemstvu.<\/span><\/p>\n<p><span style=\"color: #333333\"><!-- \/wp:paragraph --><\/span><\/p>\t\t\t\t\t\t\t\t<\/div>\n\t\t\t\t<\/div>\n\t\t\t\t\t<\/div>\n\t\t<\/div>\n\t\t\t\t\t<\/div>\n\t\t<\/section>\n\t\t\t\t<\/div>\n\t\t","protected":false},"excerpt":{"rendered":"<p>Doktorski studij Glotodidaktika pru\u017ea jedinstvenu priliku za stjecanje najvi\u0161eg stupnja znanstvenoistra\u017eiva\u010dkih znanja i vje\u0161tina potrebnih za istra\u017eivanje ovladavanja inim jezicima. Kao jedini takav program u Hrvatskoj uklju\u010duje vode\u0107e stru\u010dnjake s razli\u010ditih sveu\u010dili\u0161ta, specijalizirane za razne jezike, uklju\u010duju\u0107i hrvatski kao drugi jezik, te stru\u010dnjake iz humanisti\u010dkih i dru\u0161tvenih znanosti. Ciljevi i va\u017enostStudij odgovara potrebama diplomanta neofilolo\u0161kih &hellip; <a href=\"https:\/\/pds.ffzg.unizg.hr\/glotodidaktika\/informacije-o-studiju\/\" class=\"more-link\">Nastavi \u010ditati<span class=\"screen-reader-text\"> &#8220;O studiju&#8221;<\/span><\/a><\/p>\n","protected":false},"author":10,"featured_media":0,"parent":0,"menu_order":0,"comment_status":"closed","ping_status":"closed","template":"","meta":{"footnotes":""},"class_list":["post-14","page","type-page","status-publish","hentry"],"_links":{"self":[{"href":"https:\/\/pds.ffzg.unizg.hr\/glotodidaktika\/wp-json\/wp\/v2\/pages\/14","targetHints":{"allow":["GET"]}}],"collection":[{"href":"https:\/\/pds.ffzg.unizg.hr\/glotodidaktika\/wp-json\/wp\/v2\/pages"}],"about":[{"href":"https:\/\/pds.ffzg.unizg.hr\/glotodidaktika\/wp-json\/wp\/v2\/types\/page"}],"author":[{"embeddable":true,"href":"https:\/\/pds.ffzg.unizg.hr\/glotodidaktika\/wp-json\/wp\/v2\/users\/10"}],"replies":[{"embeddable":true,"href":"https:\/\/pds.ffzg.unizg.hr\/glotodidaktika\/wp-json\/wp\/v2\/comments?post=14"}],"version-history":[{"count":14,"href":"https:\/\/pds.ffzg.unizg.hr\/glotodidaktika\/wp-json\/wp\/v2\/pages\/14\/revisions"}],"predecessor-version":[{"id":967,"href":"https:\/\/pds.ffzg.unizg.hr\/glotodidaktika\/wp-json\/wp\/v2\/pages\/14\/revisions\/967"}],"wp:attachment":[{"href":"https:\/\/pds.ffzg.unizg.hr\/glotodidaktika\/wp-json\/wp\/v2\/media?parent=14"}],"curies":[{"name":"wp","href":"https:\/\/api.w.org\/{rel}","templated":true}]}}