{"id":247,"date":"2024-11-10T07:51:18","date_gmt":"2024-11-10T07:51:18","guid":{"rendered":"https:\/\/pds.ffzg.unizg.hr\/glotodidaktika\/?page_id=247"},"modified":"2024-12-08T19:22:15","modified_gmt":"2024-12-08T19:22:15","slug":"metodoloski-seminari","status":"publish","type":"page","link":"https:\/\/pds.ffzg.unizg.hr\/glotodidaktika\/program\/struktura\/metodoloski-seminari\/","title":{"rendered":"Metodolo\u0161ki seminari"},"content":{"rendered":"\t\t<div data-elementor-type=\"wp-page\" data-elementor-id=\"247\" class=\"elementor elementor-247\">\n\t\t\t\t\t\t<section class=\"elementor-section elementor-top-section elementor-element elementor-element-421567e elementor-section-boxed elementor-section-height-default elementor-section-height-default\" data-id=\"421567e\" data-element_type=\"section\">\n\t\t\t\t\t\t<div class=\"elementor-container elementor-column-gap-default\">\n\t\t\t\t\t<div class=\"elementor-column elementor-col-100 elementor-top-column elementor-element elementor-element-d48dda6\" data-id=\"d48dda6\" data-element_type=\"column\">\n\t\t\t<div class=\"elementor-widget-wrap elementor-element-populated\">\n\t\t\t\t\t\t<div class=\"elementor-element elementor-element-e2750dd elementor-widget elementor-widget-accordion\" data-id=\"e2750dd\" data-element_type=\"widget\" data-widget_type=\"accordion.default\">\n\t\t\t\t<div class=\"elementor-widget-container\">\n\t\t\t\t\t\t\t<div class=\"elementor-accordion\">\n\t\t\t\t\t\t\t<div class=\"elementor-accordion-item\">\n\t\t\t\t\t<div id=\"elementor-tab-title-2371\" class=\"elementor-tab-title\" data-tab=\"1\" role=\"button\" aria-controls=\"elementor-tab-content-2371\" aria-expanded=\"false\">\n\t\t\t\t\t\t\t\t\t\t\t\t\t<span class=\"elementor-accordion-icon elementor-accordion-icon-left\" aria-hidden=\"true\">\n\t\t\t\t\t\t\t\t\t\t\t\t\t\t\t<span class=\"elementor-accordion-icon-closed\"><i class=\"fas fa-plus\"><\/i><\/span>\n\t\t\t\t\t\t\t\t<span class=\"elementor-accordion-icon-opened\"><i class=\"fas fa-minus\"><\/i><\/span>\n\t\t\t\t\t\t\t\t\t\t\t\t\t\t<\/span>\n\t\t\t\t\t\t\t\t\t\t\t\t<a class=\"elementor-accordion-title\" tabindex=\"0\">Istra\u017eiva\u010dke metode u glotodidaktici *<\/a>\n\t\t\t\t\t<\/div>\n\t\t\t\t\t<div id=\"elementor-tab-content-2371\" class=\"elementor-tab-content elementor-clearfix\" data-tab=\"1\" role=\"region\" aria-labelledby=\"elementor-tab-title-2371\"><p style=\"margin: 0cm .55pt .2pt -.25pt\"><strong>Vrsta predmeta<\/strong>: <span style=\"color: #339966\">obvezno<\/span><\/p><p style=\"text-indent: 0cm;margin: 0cm 0cm .2pt -.75pt\"><strong>Ime i prezime nositelja<\/strong>: izv. prof. dr. sc. Renata Geld<\/p><p style=\"text-indent: 0cm;margin: 0cm 0cm .2pt -.75pt\"><span style=\"font-weight: bold\">Ime i prezime izvo\u0111a\u010da<\/span>: izv. prof. dr. sc. Renata Geld<\/p><p style=\"margin: 0cm 0cm .2pt -.25pt\"><strong>Jezik izvo\u0111enja<\/strong>: hrvatski i engleski<\/p><p style=\"margin: 0cm .55pt .2pt -.25pt\"><strong>Broj sati nastave<\/strong>: 12<\/p><p style=\"margin: 0cm .55pt .2pt -.25pt\"><strong>Vrsta nastave<\/strong>: predavanje, seminar,\u00a0 konzultacije &#8211; individualna nastava<\/p><p style=\"margin: 0cm .55pt .2pt -.25pt\"><strong>Metode provo\u0111enja nastave<\/strong><em>:<\/em> seminar &#8211; izlaganje, razgovor, \u010ditanje, pisanje &#8211; prakti\u010dni rad<\/p><p style=\"margin: 0cm .55pt .2pt -.25pt\"><strong>Na\u010din izvr\u0161enja obveza<\/strong>: aktivno sudjelovanje u raspravi na nastavi, seminarski rad &#8211; nacrt istra\u017eivanja<\/p><p><strong>Broj ECTS bodova<\/strong>: 3<\/p><p style=\"margin: 0cm 0cm .55pt -.25pt\"><strong><i>Sadr\u017eaj predmeta po temama<\/i><\/strong><\/p><p style=\"margin: 0cm 14.55pt 11.15pt -.25pt\">Pristupi i modeli istra\u017eivanja procesa ovladavanja inim jezikom. Vrste istra\u017eivanja. Izbor predmeta istra\u017eivanja i formuliranje istra\u017eiva\u010dkih pitanja i hipoteza. Izrada instrumenata. Metode prikupljanja podataka. Triangulacija. Metode analize jezi\u010dnih i nejezi\u010dnih podataka.<\/p><p style=\"margin: 0cm 0cm .55pt -.25pt\"><strong><i>Ishodi u\u010denja na razini predmeta<\/i><\/strong><\/p><ul><li style=\"list-style-type: none\"><ul><li style=\"list-style-type: none\"><ul style=\"list-style-type: square\"><li style=\"text-indent: -5.8pt\">nabrojati vrste i obilje\u017eja modela istra\u017eivanja OVIJa<\/li><li style=\"text-indent: -5.8pt\">opisati vrste istra\u017eivanja<\/li><li style=\"text-indent: -5.8pt\">objasniti sastavnice izbora predmeta istra\u017eivanja i formuliranja istra\u017eiva\u010dkih pitanja i hipoteza<\/li><li style=\"text-indent: -5.8pt\">opisati metode prikupljanja podataka i njihove analize<\/li><\/ul><\/li><\/ul><\/li><\/ul><\/div>\n\t\t\t\t<\/div>\n\t\t\t\t\t\t\t<div class=\"elementor-accordion-item\">\n\t\t\t\t\t<div id=\"elementor-tab-title-2372\" class=\"elementor-tab-title\" data-tab=\"2\" role=\"button\" aria-controls=\"elementor-tab-content-2372\" aria-expanded=\"false\">\n\t\t\t\t\t\t\t\t\t\t\t\t\t<span class=\"elementor-accordion-icon elementor-accordion-icon-left\" aria-hidden=\"true\">\n\t\t\t\t\t\t\t\t\t\t\t\t\t\t\t<span class=\"elementor-accordion-icon-closed\"><i class=\"fas fa-plus\"><\/i><\/span>\n\t\t\t\t\t\t\t\t<span class=\"elementor-accordion-icon-opened\"><i class=\"fas fa-minus\"><\/i><\/span>\n\t\t\t\t\t\t\t\t\t\t\t\t\t\t<\/span>\n\t\t\t\t\t\t\t\t\t\t\t\t<a class=\"elementor-accordion-title\" tabindex=\"0\">Izrada znanstvenoga rada *<\/a>\n\t\t\t\t\t<\/div>\n\t\t\t\t\t<div id=\"elementor-tab-content-2372\" class=\"elementor-tab-content elementor-clearfix\" data-tab=\"2\" role=\"region\" aria-labelledby=\"elementor-tab-title-2372\"><p style=\"margin: 0cm .55pt .2pt -.25pt\"><strong>Vrsta predmeta<\/strong>: <span style=\"color: #339966\">obvezno<\/span><\/p><p style=\"text-indent: 0cm;margin: 0cm 0cm .2pt -.75pt\"><strong>Ime i prezime nositelja<\/strong>: doc. dr. sc. Stela Letica Krevelj<\/p><p style=\"text-indent: 0cm;margin: 0cm 0cm .2pt -.75pt\"><span style=\"font-weight: bold\">Ime i prezime izvo\u0111a\u010da<\/span>: doc. dr. sc. Stela Letica Krevelj<\/p><p style=\"margin: 0cm 0cm .2pt -.25pt\"><strong>Jezik izvo\u0111enja<\/strong>: hrvatski i engleski<\/p><p style=\"margin: 0cm .55pt .2pt -.25pt\"><strong>Broj sati nastave<\/strong>: 20<\/p><p style=\"margin: 0cm .55pt .2pt -.25pt\"><strong>Vrsta nastave<\/strong>: seminar, konzultacije &#8211; individualna nastava<\/p><p style=\"margin: 0cm .55pt .2pt -.25pt\"><strong>Metode provo\u0111enja nastave<\/strong><em>:<\/em> seminar &#8211; izlaganje, razgovor, \u010ditanje, pisanje &#8211; prakti\u010dni rad<\/p><p style=\"margin: 0cm .55pt .2pt -.25pt\"><strong>Na\u010din izvr\u0161enja obveza<\/strong>: aktivno sudjelovanje na nastavi, procjenjivanje tu\u0111ih radova, izrada vlastitoga \u010dlanka<\/p><p><strong>Broj ECTS bodova<\/strong>: 3<\/p><p style=\"margin: 0cm 0cm .55pt -.25pt\"><strong><i>Sadr\u017eaj predmeta po temama<\/i><\/strong><\/p><p>Znanstveni rad (dijelovi), vrste pisanih radova, priprema za pisanje rada,\u00a0 prakti\u010dne upute kako treba sastavljati stru\u010dne i znanstvene radove, tipologija znanstvenih i stru\u010dnih tekstova, faze u izradi rada, izbor teme, raspored gra\u0111e, sastavljanje bibliografija, obilje\u017eja znanstvenoga diskursa, prire\u0111ivanje teksta za objavljivanje.<\/p><p style=\"margin: 0cm 0cm .55pt -.25pt\"><strong><i>Ishodi u\u010denja na razini predmeta<\/i><\/strong><\/p><ul><li style=\"list-style-type: none\"><ul><li style=\"list-style-type: none\"><ul style=\"list-style-type: square\"><li>nabrojiti vrste i obilje\u017eja znanstvenih i stru\u010dnih radova<\/li><li style=\"text-indent: -5.8pt\">\u00a0usporediti sli\u010dnosti i razlike razli\u010ditih struktura znanstvenih radova<\/li><li style=\"text-indent: -5.8pt\">\u00a0primijeniti obilje\u017eja znanstvenoga rada u svojemu radu<\/li><li>procijeniti prikladnost tu\u0111ih i vlastitih radova prema na\u010delima akademskoga pisma<\/li><\/ul><\/li><\/ul><\/li><\/ul><\/div>\n\t\t\t\t<\/div>\n\t\t\t\t\t\t\t<div class=\"elementor-accordion-item\">\n\t\t\t\t\t<div id=\"elementor-tab-title-2373\" class=\"elementor-tab-title\" data-tab=\"3\" role=\"button\" aria-controls=\"elementor-tab-content-2373\" aria-expanded=\"false\">\n\t\t\t\t\t\t\t\t\t\t\t\t\t<span class=\"elementor-accordion-icon elementor-accordion-icon-left\" aria-hidden=\"true\">\n\t\t\t\t\t\t\t\t\t\t\t\t\t\t\t<span class=\"elementor-accordion-icon-closed\"><i class=\"fas fa-plus\"><\/i><\/span>\n\t\t\t\t\t\t\t\t<span class=\"elementor-accordion-icon-opened\"><i class=\"fas fa-minus\"><\/i><\/span>\n\t\t\t\t\t\t\t\t\t\t\t\t\t\t<\/span>\n\t\t\t\t\t\t\t\t\t\t\t\t<a class=\"elementor-accordion-title\" tabindex=\"0\">Metodologija i prezentacija znanstvenoga rada *<\/a>\n\t\t\t\t\t<\/div>\n\t\t\t\t\t<div id=\"elementor-tab-content-2373\" class=\"elementor-tab-content elementor-clearfix\" data-tab=\"3\" role=\"region\" aria-labelledby=\"elementor-tab-title-2373\"><p style=\"margin: 0cm .55pt .2pt -.25pt\"><strong>Vrsta predmeta<\/strong>: <span style=\"color: #339966\">obvezno<\/span><\/p><p style=\"margin: 0cm .55pt .2pt -.25pt\"><strong>Ime i prezime nositelja<\/strong>: prof. dr. sc. \u017deljka Kamenov<\/p><p style=\"margin: 0cm .55pt .2pt -.25pt\"><span style=\"font-weight: bold\">Ime i prezime izvo\u0111a\u010da<\/span>: prof. dr. sc. \u017deljka Kamenov<\/p><p style=\"margin: 0cm 0cm .2pt -.25pt\"><strong>Jezik izvo\u0111enja<\/strong>: hrvatski i engleski<\/p><p style=\"margin: 0cm .55pt .2pt -.25pt\"><strong>Broj sati nastave<\/strong>: 14<\/p><p style=\"margin: 0cm .55pt .2pt -.25pt\"><strong>Vrsta nastave<\/strong>: predavanje, seminar, vje\u017ebe<\/p><p style=\"margin: 0cm .55pt .2pt -.25pt\"><strong>Metode provo\u0111enja nastave<\/strong><em>:<\/em>seminar &#8211; izlaganje, razgovor, \u010ditanje, pisanje &#8211; prakti\u010dni rad<\/p><p style=\"margin: 0cm .55pt .2pt -.25pt\"><strong>Na\u010din izvr\u0161enja obveza<\/strong>: aktivno sudjelovanje u raspravi na nastavi, razgovor o pro\u010ditanoj zadanoj literaturi, izrada nacrta istra\u017eivanja, prezentacija<\/p><p><strong>Broj ECTS bodova<\/strong>: 3<\/p><p style=\"margin: 0cm 0cm .55pt -.25pt\"><strong><i>Sadr\u017eaj predmeta po temama<\/i><\/strong><\/p><p style=\"margin: 0cm 14.55pt 11.15pt -.25pt\">Upoznavanje s osnovama znanstvenoga razmi\u0161ljanja i znanstvenoga istra\u017eivanja: vrste istra\u017eivanja, postavljanje problema i hipoteza, izbor odgovaraju\u0107e metode i sl. Prednosti i nedostaci razli\u010ditih istra\u017eiva\u010dkih pristupa i postupaka: opa\u017eanje, upitnici, intervjui, ankete, eksperiment. Unutarnja i vanjska valjanost istra\u017eivanja. Usporedba kvantitativnih i kvalitativnih metoda. Fokusne grupe. Kriti\u010dka analiza znanstvenih radova. Znanstveni rad u dru\u0161tvenim znanostima. Karakteristike djelotvornoga izlaganja. Strategije uspje\u0161nih prezentacija.<\/p><p style=\"margin: 0cm 0cm .55pt -.25pt\"><strong><i>Ishodi u\u010denja na razini predmeta<\/i><\/strong><\/p><ul><li style=\"list-style-type: none\"><ul><li style=\"list-style-type: none\"><ul style=\"list-style-type: square\"><li style=\"text-indent: -5.8pt\">protuma\u010diti osnovne pojmove, na\u010dela, metode i pristupe znanstvenomu radu u dru\u0161tvenim znanostima<\/li><li style=\"text-indent: -5.8pt\">samostalno izraditi nacrt istra\u017eivanja<\/li><li style=\"text-indent: -5.8pt\">kriti\u010dki analizirati znanstvene \u010dlanke<\/li><li style=\"text-indent: -5.8pt\">izabrati i primijeniti prikladne na\u010dine izrade prezentacije<\/li><\/ul><\/li><\/ul><\/li><\/ul><\/div>\n\t\t\t\t<\/div>\n\t\t\t\t\t\t\t<div class=\"elementor-accordion-item\">\n\t\t\t\t\t<div id=\"elementor-tab-title-2374\" class=\"elementor-tab-title\" data-tab=\"4\" role=\"button\" aria-controls=\"elementor-tab-content-2374\" aria-expanded=\"false\">\n\t\t\t\t\t\t\t\t\t\t\t\t\t<span class=\"elementor-accordion-icon elementor-accordion-icon-left\" aria-hidden=\"true\">\n\t\t\t\t\t\t\t\t\t\t\t\t\t\t\t<span class=\"elementor-accordion-icon-closed\"><i class=\"fas fa-plus\"><\/i><\/span>\n\t\t\t\t\t\t\t\t<span class=\"elementor-accordion-icon-opened\"><i class=\"fas fa-minus\"><\/i><\/span>\n\t\t\t\t\t\t\t\t\t\t\t\t\t\t<\/span>\n\t\t\t\t\t\t\t\t\t\t\t\t<a class=\"elementor-accordion-title\" tabindex=\"0\">Obrada vi\u0161emodalne u\u010deni\u010dke gra\u0111e<\/a>\n\t\t\t\t\t<\/div>\n\t\t\t\t\t<div id=\"elementor-tab-content-2374\" class=\"elementor-tab-content elementor-clearfix\" data-tab=\"4\" role=\"region\" aria-labelledby=\"elementor-tab-title-2374\"><p style=\"margin: 0cm .55pt .2pt -.25pt\"><strong>Vrsta predmeta<\/strong>: <span style=\"color: #339966\">izborni<\/span><\/p><p style=\"text-indent: 0cm;margin: 0cm 0cm .2pt -.75pt\"><strong>Ime i prezime nositelja<\/strong>: izv. prof. dr. sc. Renata Geld<\/p><p style=\"text-indent: 0cm;margin: 0cm 0cm .2pt -.75pt\"><span style=\"font-weight: bold\">Ime i prezime izvo\u0111a\u010da<\/span>: izv. prof. dr. sc. Renata Geld<\/p><p style=\"margin: 0cm 0cm .2pt -.25pt\"><strong>Jezik izvo\u0111enja<\/strong>: hrvatski i engleski<\/p><p style=\"margin: 0cm .55pt .2pt -.25pt\"><strong>Broj sati nastave<\/strong>: 6<\/p><p style=\"margin: 0cm .55pt .2pt -.25pt\"><strong>Vrsta nastave<\/strong>: seminar<\/p><p style=\"margin: 0cm .55pt .2pt -.25pt\"><strong>Metode provo\u0111enja nastave<\/strong><em>:<\/em> seminar &#8211; izlaganje, razgovor, \u010ditanje, pisanje &#8211; prakti\u010dni rad<\/p><p style=\"margin: 0cm .55pt .2pt -.25pt\"><strong>Na\u010din izvr\u0161enja obveza<\/strong>: aktivno sudjelovanje u\u00a0 raspravi na nastavi, seminarski rad<\/p><p><strong>Broj ECTS bodova<\/strong>: 2<\/p><p style=\"margin: 0cm 0cm .55pt -.25pt\"><strong><i>Sadr\u017eaj predmeta po temama<\/i><\/strong><\/p><p>Uloga vi\u0161emodalnog unosa u ovladavanju jezikom; Kognitivna uklju\u010denost i vi\u0161emodalni unos; Kako istra\u017eivati vi\u0161emodalnu gra\u0111u u kontekstu OVIJa; Kako prikupljati vi\u0161emodalnu gra\u0111u; Kako kodirati, analizirati i konsolidirati vi\u0161emodalnu gra\u0111u.<\/p><p style=\"margin: 0cm 0cm .55pt -.25pt\"><strong><i>Ishodi u\u010denja na razini predmeta<\/i><\/strong><\/p><ul><li style=\"list-style-type: none\"><ul><li style=\"list-style-type: none\"><ul style=\"list-style-type: square\"><li style=\"text-indent: -5.8pt\">\u00a0objasniti spregu vi\u0161emodalnog unosa i ovladavanja jezikom<\/li><li style=\"text-indent: -5.8pt\">\u00a0ocijeniti va\u017enost kognitivne uklju\u010denosti i vi\u0161emodalnog unosa u OVIJu<\/li><li style=\"text-indent: -5.8pt\">\u00a0opisati i kriti\u010dki procijeniti na\u010dine prikupljanja i obrade vi\u0161emodalne u\u010deni\u010dke gra\u0111e<\/li><li>samostalno izraditi nacrt istra\u017eivanja koje uklju\u010duje vi\u0161emodalnu gra\u0111u<\/li><\/ul><\/li><\/ul><\/li><\/ul><\/div>\n\t\t\t\t<\/div>\n\t\t\t\t\t\t\t<div class=\"elementor-accordion-item\">\n\t\t\t\t\t<div id=\"elementor-tab-title-2375\" class=\"elementor-tab-title\" data-tab=\"5\" role=\"button\" aria-controls=\"elementor-tab-content-2375\" aria-expanded=\"false\">\n\t\t\t\t\t\t\t\t\t\t\t\t\t<span class=\"elementor-accordion-icon elementor-accordion-icon-left\" aria-hidden=\"true\">\n\t\t\t\t\t\t\t\t\t\t\t\t\t\t\t<span class=\"elementor-accordion-icon-closed\"><i class=\"fas fa-plus\"><\/i><\/span>\n\t\t\t\t\t\t\t\t<span class=\"elementor-accordion-icon-opened\"><i class=\"fas fa-minus\"><\/i><\/span>\n\t\t\t\t\t\t\t\t\t\t\t\t\t\t<\/span>\n\t\t\t\t\t\t\t\t\t\t\t\t<a class=\"elementor-accordion-title\" tabindex=\"0\">Osnove statistike<\/a>\n\t\t\t\t\t<\/div>\n\t\t\t\t\t<div id=\"elementor-tab-content-2375\" class=\"elementor-tab-content elementor-clearfix\" data-tab=\"5\" role=\"region\" aria-labelledby=\"elementor-tab-title-2375\"><p style=\"margin: 0cm .55pt .2pt -.25pt\"><strong>Vrsta predmeta<\/strong>: <span style=\"color: #339966\">izborni<\/span><\/p><p style=\"margin: 0cm .55pt .2pt -.25pt\"><strong>Ime i prezime nositelja<\/strong>: prof. dr. sc. \u017deljka Kamenov<\/p><p style=\"margin: 0cm .55pt .2pt -.25pt\"><span style=\"font-weight: bold\">Ime i prezime izvo\u0111a\u010da<\/span>: prof. dr. sc. \u017deljka Kamenov<\/p><p style=\"margin: 0cm 0cm .2pt -.25pt\"><strong>Jezik izvo\u0111enja<\/strong>: hrvatski i engleski<\/p><p style=\"margin: 0cm .55pt .2pt -.25pt\"><strong>Broj sati nastave<\/strong>: 14<\/p><p style=\"margin: 0cm .55pt .2pt -.25pt\"><strong>Vrsta nastave<\/strong>:\u00a0 seminar, vje\u017ebe<\/p><p style=\"margin: 0cm .55pt .2pt -.25pt\"><strong>Metode provo\u0111enja nastave<\/strong><em>:<\/em> seminar &#8211; izlaganje, razgovor, \u010ditanje, pisanje &#8211; prakti\u010dni rad<\/p><p style=\"margin: 0cm .55pt .2pt -.25pt\"><strong>Na\u010din izvr\u0161enja obveza<\/strong>: aktivno sudjelovanje u\u00a0 raspravi na nastavi<em>, <\/em>razgovor o pro\u010ditanoj zadanoj literaturi, izrada nacrta istra\u017eivanja, statisti\u010dka obrada zadanih podataka<\/p><p><strong>Broj ECTS bodova<\/strong>: 2<\/p><p style=\"margin: 0cm 0cm .55pt -.25pt\"><strong><i>Sadr\u017eaj predmeta po temama<\/i><\/strong><\/p><p style=\"margin: 0cm 14.55pt 11.15pt -.25pt\">\u010cetiri razine potreba za poznavanjem osnovnih pojmova statistike u bavljenju znanstvenim radom. Deskriptivna statistika \u2013 svrha i pregled osnovnih pojmova. Inferencijalna statistika \u2013 definicija i osnovne metode. Planiranje istra\u017eivanja. Uzorak i populacija. Grafi\u010dko prikazivanje rezultata. Mjere centralne tendencije. Mjere raspr\u0161enja. Korelacija.<\/p><p style=\"margin: 0cm 0cm .55pt -.25pt\"><strong><i>Ishodi u\u010denja na razini predmeta<\/i><\/strong><\/p><ul><li style=\"list-style-type: none\"><ul><li style=\"list-style-type: none\"><ul style=\"list-style-type: square\"><li style=\"text-indent: -5.8pt\">vladati statisti\u010dkim postupcima iz svojega u\u017eega podru\u010dja<\/li><li style=\"text-indent: -5.8pt\">primjenjivati statisti\u010dki paket SPSS<\/li><li style=\"text-indent: -5.8pt\">odabirati prikladne statisti\u010dke metode u vlastitomu istra\u017eivanju<\/li><\/ul><\/li><\/ul><\/li><\/ul><\/div>\n\t\t\t\t<\/div>\n\t\t\t\t\t\t\t\t<\/div>\n\t\t\t\t\t\t<\/div>\n\t\t\t\t<\/div>\n\t\t\t\t\t<\/div>\n\t\t<\/div>\n\t\t\t\t\t<\/div>\n\t\t<\/section>\n\t\t\t\t<\/div>\n\t\t","protected":false},"excerpt":{"rendered":"<p>Istra\u017eiva\u010dke metode u glotodidaktici * Vrsta predmeta: obvezno Ime i prezime nositelja: izv. prof. dr. sc. Renata Geld Ime i prezime izvo\u0111a\u010da: izv. prof. dr. sc. Renata Geld Jezik izvo\u0111enja: hrvatski i engleski Broj sati nastave: 12 Vrsta nastave: predavanje, seminar,\u00a0 konzultacije &#8211; individualna nastava Metode provo\u0111enja nastave: seminar &#8211; izlaganje, razgovor, \u010ditanje, pisanje &#8211; &hellip; <a href=\"https:\/\/pds.ffzg.unizg.hr\/glotodidaktika\/program\/struktura\/metodoloski-seminari\/\" class=\"more-link\">Nastavi \u010ditati<span class=\"screen-reader-text\"> &#8220;Metodolo\u0161ki seminari&#8221;<\/span><\/a><\/p>\n","protected":false},"author":10,"featured_media":0,"parent":8,"menu_order":0,"comment_status":"closed","ping_status":"closed","template":"","meta":{"footnotes":""},"class_list":["post-247","page","type-page","status-publish","hentry"],"_links":{"self":[{"href":"https:\/\/pds.ffzg.unizg.hr\/glotodidaktika\/wp-json\/wp\/v2\/pages\/247","targetHints":{"allow":["GET"]}}],"collection":[{"href":"https:\/\/pds.ffzg.unizg.hr\/glotodidaktika\/wp-json\/wp\/v2\/pages"}],"about":[{"href":"https:\/\/pds.ffzg.unizg.hr\/glotodidaktika\/wp-json\/wp\/v2\/types\/page"}],"author":[{"embeddable":true,"href":"https:\/\/pds.ffzg.unizg.hr\/glotodidaktika\/wp-json\/wp\/v2\/users\/10"}],"replies":[{"embeddable":true,"href":"https:\/\/pds.ffzg.unizg.hr\/glotodidaktika\/wp-json\/wp\/v2\/comments?post=247"}],"version-history":[{"count":49,"href":"https:\/\/pds.ffzg.unizg.hr\/glotodidaktika\/wp-json\/wp\/v2\/pages\/247\/revisions"}],"predecessor-version":[{"id":860,"href":"https:\/\/pds.ffzg.unizg.hr\/glotodidaktika\/wp-json\/wp\/v2\/pages\/247\/revisions\/860"}],"up":[{"embeddable":true,"href":"https:\/\/pds.ffzg.unizg.hr\/glotodidaktika\/wp-json\/wp\/v2\/pages\/8"}],"wp:attachment":[{"href":"https:\/\/pds.ffzg.unizg.hr\/glotodidaktika\/wp-json\/wp\/v2\/media?parent=247"}],"curies":[{"name":"wp","href":"https:\/\/api.w.org\/{rel}","templated":true}]}}