{"id":269,"date":"2024-11-10T08:17:21","date_gmt":"2024-11-10T08:17:21","guid":{"rendered":"https:\/\/pds.ffzg.unizg.hr\/glotodidaktika\/?page_id=269"},"modified":"2024-11-16T19:43:02","modified_gmt":"2024-11-16T19:43:02","slug":"izborni-kolegiji","status":"publish","type":"page","link":"https:\/\/pds.ffzg.unizg.hr\/glotodidaktika\/program\/struktura\/izborni-kolegiji\/","title":{"rendered":"Izborni kolegiji"},"content":{"rendered":"\t\t<div data-elementor-type=\"wp-page\" data-elementor-id=\"269\" class=\"elementor elementor-269\">\n\t\t\t\t\t\t<section class=\"elementor-section elementor-top-section elementor-element elementor-element-421567e elementor-section-boxed elementor-section-height-default elementor-section-height-default\" data-id=\"421567e\" data-element_type=\"section\">\n\t\t\t\t\t\t<div class=\"elementor-container elementor-column-gap-default\">\n\t\t\t\t\t<div class=\"elementor-column elementor-col-100 elementor-top-column elementor-element elementor-element-da6b76c\" data-id=\"da6b76c\" data-element_type=\"column\">\n\t\t\t<div class=\"elementor-widget-wrap\">\n\t\t\t\t\t\t\t<\/div>\n\t\t<\/div>\n\t\t\t\t\t<\/div>\n\t\t<\/section>\n\t\t\t\t<section class=\"elementor-section elementor-top-section elementor-element elementor-element-ae17db4 elementor-section-boxed elementor-section-height-default elementor-section-height-default\" data-id=\"ae17db4\" data-element_type=\"section\">\n\t\t\t\t\t\t<div class=\"elementor-container elementor-column-gap-default\">\n\t\t\t\t\t<div class=\"elementor-column elementor-col-100 elementor-top-column elementor-element elementor-element-7312396\" data-id=\"7312396\" data-element_type=\"column\">\n\t\t\t<div class=\"elementor-widget-wrap elementor-element-populated\">\n\t\t\t\t\t\t<div class=\"elementor-element elementor-element-10e7620 elementor-widget elementor-widget-timeline-widget-addon\" data-id=\"10e7620\" data-element_type=\"widget\" data-widget_type=\"timeline-widget-addon.default\">\n\t\t\t\t<div class=\"elementor-widget-container\">\n\t\t\t\t\t<!-- ========= Timeline Widget Addon For Elementor 1.6.13 ========= -->\n<div id=\"twae-wrapper-10e7620\" class=\"twae-vertical twae-wrapper  twae-both-sided\">   \n    <div class=\"twae-start\"><\/div>    \n    <div id=\"twea-timeline-10e7620\" class=\"twae-timeline\" ><!-- Start of Story Repeater Content --><div id=\"story-db1ba15\" class=\"twae-story twae-repeater-item twae-story-right twae-story-no-icon\"><!-- Story Label --><div class=\"twae-labels\"><div class=\"twae-label-big\">Izborni modul<\/div><\/div><!-- Story Icon --><div class=\"twae-icon\"><i aria-hidden=\"true\" class=\"far fa-clock\"><\/i><\/div><!-- Story Arrow --><div class=\"twae-arrow\"><\/div><!-- Start of Story Content --><div class=\"twae-content\"><!-- Story Title --><div class=\"twae-title\">JEZI\u010cNI RAZVOJ<\/div><!-- Story Description --><div class=\"twae-description\"><ol><li style=\"list-style-type: none\"><ol><li><a href=\"https:\/\/pds.ffzg.unizg.hr\/glotodidaktika\/program\/struktura\/izborni-kolegiji\/izborni-kolegiji-jezicni-razvoj\/\">Usvajanje prvoga jezika<\/a><\/li><li><a href=\"https:\/\/pds.ffzg.unizg.hr\/glotodidaktika\/program\/struktura\/izborni-kolegiji\/izborni-kolegiji-jezicni-razvoj\/\">\u010cimbenik dobi<\/a><\/li><li><a href=\"https:\/\/pds.ffzg.unizg.hr\/glotodidaktika\/program\/struktura\/izborni-kolegiji\/izborni-kolegiji-jezicni-razvoj\/\">Razvojna psihologija<\/a><\/li><li><a href=\"https:\/\/pds.ffzg.unizg.hr\/glotodidaktika\/program\/struktura\/izborni-kolegiji\/izborni-kolegiji-jezicni-razvoj\/\">Psihologija djece s posebnim potrebama<\/a><\/li><\/ol><\/li><\/ol><\/div><\/div><\/div><!-- Start of Story Repeater Content --><div id=\"story-6a9f5d4\" class=\"twae-story twae-repeater-item twae-story-left twae-story-no-icon\"><!-- Story Label --><div class=\"twae-labels\"><div class=\"twae-label-big\">Izborni modul<\/div><\/div><!-- Story Icon --><div class=\"twae-icon\"><i aria-hidden=\"true\" class=\"far fa-clock\"><\/i><\/div><!-- Story Arrow --><div class=\"twae-arrow\"><\/div><!-- Start of Story Content --><div class=\"twae-content\"><!-- Story Title --><div class=\"twae-title\">PROCJENJIVANJE<\/div><!-- Story Description --><div class=\"twae-description\"><ol><li style=\"list-style-type: none\"><ol><li style=\"text-align: right\"><a href=\"https:\/\/pds.ffzg.unizg.hr\/glotodidaktika\/program\/struktura\/izborni-kolegiji\/izborni-kolegiji-procjenjivanje\/\">Izrada jezi\u010dnih ispita<\/a><\/li><li style=\"text-align: right\"><a href=\"https:\/\/pds.ffzg.unizg.hr\/glotodidaktika\/program\/struktura\/izborni-kolegiji\/izborni-kolegiji-procjenjivanje\/\">Procjenjivanje komunikacijske kompetencije<\/a><\/li><li style=\"text-align: right\"><a href=\"https:\/\/pds.ffzg.unizg.hr\/glotodidaktika\/program\/struktura\/izborni-kolegiji\/izborni-kolegiji-procjenjivanje\/\">Istra\u017eivanje i procjenjivanje nastavnih materijala<\/a><\/li><\/ol><\/li><\/ol><\/div><\/div><\/div><!-- Start of Story Repeater Content --><div id=\"story-79dd1f9\" class=\"twae-story twae-repeater-item twae-story-right twae-story-no-icon\"><!-- Story Label --><div class=\"twae-labels\"><div class=\"twae-label-big\">Izborni modul<\/div><\/div><!-- Story Icon --><div class=\"twae-icon\"><i aria-hidden=\"true\" class=\"far fa-clock\"><\/i><\/div><!-- Story Arrow --><div class=\"twae-arrow\"><\/div><!-- Start of Story Content --><div class=\"twae-content\"><!-- Story Title --><div class=\"twae-title\">TEHNOLOGIJE U NASTAVI<\/div><!-- Story Description --><div class=\"twae-description\"><ol><li style=\"list-style-type: none\"><ol><li style=\"list-style-type: none\"><ol><li><a href=\"https:\/\/pds.ffzg.unizg.hr\/glotodidaktika\/program\/struktura\/izborni-kolegiji\/izborni-kolegiji-tehnologije-u-nastavi\/\">E-u\u010denje i e-pou\u010davanje inoga jezika<\/a><\/li><li><a href=\"https:\/\/pds.ffzg.unizg.hr\/glotodidaktika\/program\/struktura\/izborni-kolegiji\/izborni-kolegiji-tehnologije-u-nastavi\/\">Suvremena tehnologija i nastava stranih jezika<\/a><\/li><li><a href=\"https:\/\/pds.ffzg.unizg.hr\/glotodidaktika\/program\/struktura\/izborni-kolegiji\/izborni-kolegiji-tehnologije-u-nastavi\/\">Ra\u010dunalna lingvistika i jezi\u010dne tehnologije<\/a><\/li><\/ol><\/li><\/ol><\/li><\/ol><\/div><\/div><\/div><!-- Start of Story Repeater Content --><div id=\"story-7310661\" class=\"twae-story twae-repeater-item twae-story-left twae-story-no-icon\"><!-- Story Label --><div class=\"twae-labels\"><div class=\"twae-label-big\">Izborni modul<\/div><\/div><!-- Story Icon --><div class=\"twae-icon\"><i aria-hidden=\"true\" class=\"far fa-clock\"><\/i><\/div><!-- Story Arrow --><div class=\"twae-arrow\"><\/div><!-- Start of Story Content --><div class=\"twae-content\"><!-- Story Title --><div class=\"twae-title\">KULTURA I OVLADAVANJE JEZIKOM<\/div><!-- Story Description --><div class=\"twae-description\"><ol><li style=\"list-style-type: none\"><ol><li style=\"text-align: right\"><a href=\"https:\/\/pds.ffzg.unizg.hr\/glotodidaktika\/program\/struktura\/izborni-kolegiji\/izborni-kolegiji-kultura-i-ovladavanje-jezikom\/\">Kultura u nastavi stranih jezika<\/a><\/li><li style=\"text-align: right\"><a href=\"https:\/\/pds.ffzg.unizg.hr\/glotodidaktika\/program\/struktura\/izborni-kolegiji\/izborni-kolegiji-kultura-i-ovladavanje-jezikom\/\">Knji\u017eevnosti u ovladavanju inim jezikom<\/a><\/li><li style=\"text-align: right\"><a href=\"https:\/\/pds.ffzg.unizg.hr\/glotodidaktika\/program\/struktura\/izborni-kolegiji\/izborni-kolegiji-kultura-i-ovladavanje-jezikom\/\">Ovladavanje frazemima u J1 i J2<\/a><\/li><\/ol><\/li><\/ol><\/div><\/div><\/div><!-- Start of Story Repeater Content --><div id=\"story-caced0b\" class=\"twae-story twae-repeater-item twae-story-right twae-story-no-icon\"><!-- Story Label --><div class=\"twae-labels\"><div class=\"twae-label-big\">Izborni modul<\/div><\/div><!-- Story Icon --><div class=\"twae-icon\"><i aria-hidden=\"true\" class=\"far fa-clock\"><\/i><\/div><!-- Story Arrow --><div class=\"twae-arrow\"><\/div><!-- Start of Story Content --><div class=\"twae-content\"><!-- Story Title --><div class=\"twae-title\">FOKUS NA U\u010cENIKA U OVLADAVANJU JEZIKOM<\/div><!-- Story Description --><div class=\"twae-description\"><ol><li style=\"list-style-type: none\"><ol><li><a href=\"https:\/\/pds.ffzg.unizg.hr\/glotodidaktika\/program\/struktura\/izborni-kolegiji\/izborni-kolegiji-fokus-na-ucenika-u-ovladavanju-jezikom\/\">Motivacaija u ovladavanju inim jezikom<\/a><\/li><li><a href=\"https:\/\/pds.ffzg.unizg.hr\/glotodidaktika\/program\/struktura\/izborni-kolegiji\/izborni-kolegiji-fokus-na-ucenika-u-ovladavanju-jezikom\/\">Strategije u\u010denja stranoga jezika<\/a><\/li><li><a href=\"https:\/\/pds.ffzg.unizg.hr\/glotodidaktika\/program\/struktura\/izborni-kolegiji\/izborni-kolegiji-fokus-na-ucenika-u-ovladavanju-jezikom\/\">Individualne razlike<\/a><\/li><li><a href=\"https:\/\/pds.ffzg.unizg.hr\/glotodidaktika\/program\/struktura\/izborni-kolegiji\/izborni-kolegiji-fokus-na-ucenika-u-ovladavanju-jezikom\/\">Samostalnost u u\u010denju<\/a><\/li><\/ol><\/li><\/ol><\/div><\/div><\/div><!-- Start of Story Repeater Content --><div id=\"story-942b6bb\" class=\"twae-story twae-repeater-item twae-story-left twae-story-no-icon\"><!-- Story Label --><div class=\"twae-labels\"><div class=\"twae-label-big\">Izborni modul<\/div><\/div><!-- Story Icon --><div class=\"twae-icon\"><i aria-hidden=\"true\" class=\"far fa-clock\"><\/i><\/div><!-- Story Arrow --><div class=\"twae-arrow\"><\/div><!-- Start of Story Content --><div class=\"twae-content\"><!-- Story Title --><div class=\"twae-title\">OSTALO<\/div><!-- Story Description --><div class=\"twae-description\"><ol><li style=\"list-style-type: none\"><ol><li><a href=\"https:\/\/pds.ffzg.unizg.hr\/glotodidaktika\/program\/struktura\/izborni-kolegiji\/izborni-kolegiji-ostalo\/\">Dvojezi\u010dnost i vi\u0161ejezi\u010dnost<\/a><\/li><li><a href=\"https:\/\/pds.ffzg.unizg.hr\/glotodidaktika\/program\/struktura\/izborni-kolegiji\/izborni-kolegiji-ostalo\/\">Jezik i spoznaja<\/a><\/li><li><a href=\"https:\/\/pds.ffzg.unizg.hr\/glotodidaktika\/program\/struktura\/izborni-kolegiji\/izborni-kolegiji-ostalo\/\">Jezik struke<\/a><\/li><li><a href=\"https:\/\/pds.ffzg.unizg.hr\/glotodidaktika\/program\/struktura\/izborni-kolegiji\/izborni-kolegiji-ostalo\/\">Kompetencije u nastavi stranih jezika<\/a><\/li><li><a href=\"https:\/\/pds.ffzg.unizg.hr\/glotodidaktika\/program\/struktura\/izborni-kolegiji\/izborni-kolegiji-ostalo\/\">Analiza diskursa i razredni diskurs<\/a><\/li><li><a href=\"https:\/\/pds.ffzg.unizg.hr\/glotodidaktika\/program\/struktura\/izborni-kolegiji\/izborni-kolegiji-ostalo\/\">Teorija \u010ditanja na stranom jeziku<\/a><\/li><li><a href=\"https:\/\/pds.ffzg.unizg.hr\/glotodidaktika\/program\/struktura\/izborni-kolegiji\/izborni-kolegiji-ostalo\/\">Pisani diskurs u nastavi stranoga jezika<\/a><\/li><li><a href=\"https:\/\/pds.ffzg.unizg.hr\/glotodidaktika\/program\/struktura\/izborni-kolegiji\/izborni-kolegiji-ostalo\/\">Prevo\u0111enje u pou\u010davanju inoga jezika<\/a><\/li><li><a href=\"https:\/\/pds.ffzg.unizg.hr\/glotodidaktika\/program\/struktura\/izborni-kolegiji\/izborni-kolegiji-ostalo\/\">Kognitivna lingvistika<\/a><\/li><li><a href=\"https:\/\/pds.ffzg.unizg.hr\/glotodidaktika\/program\/struktura\/izborni-kolegiji\/izborni-kolegiji-ostalo\/\">Neurolingvistika<\/a><\/li><li><a href=\"https:\/\/pds.ffzg.unizg.hr\/glotodidaktika\/program\/struktura\/izborni-kolegiji\/izborni-kolegiji-ostalo\/\">Teorije i modeli mentalnoga leksikona<\/a><\/li><\/ol><\/li><\/ol><\/div><\/div><\/div><\/div>\n    <div class=\"twae-end\"><\/div>\n    <\/div><style type=\"text\/css\">@media (max-width: 1024px){ .twae-wrapper{--tw-ybx-size: 80px !important;}}@media (max-width: 767px){ .twae-wrapper{--tw-ybx-size: 80px !important}}<\/style>\t\t\t\t<\/div>\n\t\t\t\t<\/div>\n\t\t\t\t\t<\/div>\n\t\t<\/div>\n\t\t\t\t\t<\/div>\n\t\t<\/section>\n\t\t\t\t<\/div>\n\t\t","protected":false},"excerpt":{"rendered":"<p>Izborni modulJEZI\u010cNI RAZVOJ Usvajanje prvoga jezika \u010cimbenik dobi Razvojna psihologija Psihologija djece s posebnim potrebama Izborni modulPROCJENJIVANJE Izrada jezi\u010dnih ispita Procjenjivanje komunikacijske kompetencije Istra\u017eivanje i procjenjivanje nastavnih materijala Izborni modulTEHNOLOGIJE U NASTAVI E-u\u010denje i e-pou\u010davanje inoga jezika Suvremena tehnologija i nastava stranih jezika Ra\u010dunalna lingvistika i jezi\u010dne tehnologije Izborni modulKULTURA I OVLADAVANJE JEZIKOM Kultura u &hellip; <a href=\"https:\/\/pds.ffzg.unizg.hr\/glotodidaktika\/program\/struktura\/izborni-kolegiji\/\" class=\"more-link\">Nastavi \u010ditati<span class=\"screen-reader-text\"> &#8220;Izborni kolegiji&#8221;<\/span><\/a><\/p>\n","protected":false},"author":10,"featured_media":0,"parent":8,"menu_order":0,"comment_status":"closed","ping_status":"closed","template":"","meta":{"footnotes":""},"class_list":["post-269","page","type-page","status-publish","hentry"],"_links":{"self":[{"href":"https:\/\/pds.ffzg.unizg.hr\/glotodidaktika\/wp-json\/wp\/v2\/pages\/269","targetHints":{"allow":["GET"]}}],"collection":[{"href":"https:\/\/pds.ffzg.unizg.hr\/glotodidaktika\/wp-json\/wp\/v2\/pages"}],"about":[{"href":"https:\/\/pds.ffzg.unizg.hr\/glotodidaktika\/wp-json\/wp\/v2\/types\/page"}],"author":[{"embeddable":true,"href":"https:\/\/pds.ffzg.unizg.hr\/glotodidaktika\/wp-json\/wp\/v2\/users\/10"}],"replies":[{"embeddable":true,"href":"https:\/\/pds.ffzg.unizg.hr\/glotodidaktika\/wp-json\/wp\/v2\/comments?post=269"}],"version-history":[{"count":49,"href":"https:\/\/pds.ffzg.unizg.hr\/glotodidaktika\/wp-json\/wp\/v2\/pages\/269\/revisions"}],"predecessor-version":[{"id":655,"href":"https:\/\/pds.ffzg.unizg.hr\/glotodidaktika\/wp-json\/wp\/v2\/pages\/269\/revisions\/655"}],"up":[{"embeddable":true,"href":"https:\/\/pds.ffzg.unizg.hr\/glotodidaktika\/wp-json\/wp\/v2\/pages\/8"}],"wp:attachment":[{"href":"https:\/\/pds.ffzg.unizg.hr\/glotodidaktika\/wp-json\/wp\/v2\/media?parent=269"}],"curies":[{"name":"wp","href":"https:\/\/api.w.org\/{rel}","templated":true}]}}