{"id":507,"date":"2024-11-16T18:39:05","date_gmt":"2024-11-16T18:39:05","guid":{"rendered":"https:\/\/pds.ffzg.unizg.hr\/glotodidaktika\/?page_id=507"},"modified":"2024-11-19T19:00:01","modified_gmt":"2024-11-19T19:00:01","slug":"izborni-kolegiji-fokus-na-ucenika-u-ovladavanju-jezikom","status":"publish","type":"page","link":"https:\/\/pds.ffzg.unizg.hr\/glotodidaktika\/program\/struktura\/izborni-kolegiji\/izborni-kolegiji-fokus-na-ucenika-u-ovladavanju-jezikom\/","title":{"rendered":"Izborni kolegiji &#8211; Fokus na u\u010denika u ovladavanju jezikom"},"content":{"rendered":"\t\t<div data-elementor-type=\"wp-page\" data-elementor-id=\"507\" class=\"elementor elementor-507\">\n\t\t\t\t\t\t<section class=\"elementor-section elementor-top-section elementor-element elementor-element-421567e elementor-section-boxed elementor-section-height-default elementor-section-height-default\" data-id=\"421567e\" data-element_type=\"section\">\n\t\t\t\t\t\t<div class=\"elementor-container elementor-column-gap-default\">\n\t\t\t\t\t<div class=\"elementor-column elementor-col-100 elementor-top-column elementor-element elementor-element-d48dda6\" data-id=\"d48dda6\" data-element_type=\"column\">\n\t\t\t<div class=\"elementor-widget-wrap elementor-element-populated\">\n\t\t\t\t\t\t<div class=\"elementor-element elementor-element-e2750dd elementor-widget elementor-widget-accordion\" data-id=\"e2750dd\" data-element_type=\"widget\" data-widget_type=\"accordion.default\">\n\t\t\t\t<div class=\"elementor-widget-container\">\n\t\t\t\t\t\t\t<div class=\"elementor-accordion\">\n\t\t\t\t\t\t\t<div class=\"elementor-accordion-item\">\n\t\t\t\t\t<div id=\"elementor-tab-title-2371\" class=\"elementor-tab-title\" data-tab=\"1\" role=\"button\" aria-controls=\"elementor-tab-content-2371\" aria-expanded=\"false\">\n\t\t\t\t\t\t\t\t\t\t\t\t\t<span class=\"elementor-accordion-icon elementor-accordion-icon-left\" aria-hidden=\"true\">\n\t\t\t\t\t\t\t\t\t\t\t\t\t\t\t<span class=\"elementor-accordion-icon-closed\"><i class=\"fas fa-plus\"><\/i><\/span>\n\t\t\t\t\t\t\t\t<span class=\"elementor-accordion-icon-opened\"><i class=\"fas fa-minus\"><\/i><\/span>\n\t\t\t\t\t\t\t\t\t\t\t\t\t\t<\/span>\n\t\t\t\t\t\t\t\t\t\t\t\t<a class=\"elementor-accordion-title\" tabindex=\"0\">Individualne razlike<\/a>\n\t\t\t\t\t<\/div>\n\t\t\t\t\t<div id=\"elementor-tab-content-2371\" class=\"elementor-tab-content elementor-clearfix\" data-tab=\"1\" role=\"region\" aria-labelledby=\"elementor-tab-title-2371\"><p style=\"margin: 0cm .55pt .2pt -.25pt\"><strong>Vrsta predmeta<\/strong>: <span style=\"color: #339966\">izborni<\/span><\/p><p style=\"margin: 0cm .55pt .2pt -.25pt\"><strong>Ime i prezime nositelja<\/strong>: prof. dr. sc. Vi\u0161nja Pavi\u010di\u0107 Taka\u010d<\/p><p style=\"text-indent: 0cm;margin: 0cm 0cm .2pt -.75pt\"><strong>Ime i prezime izvo\u0111a\u010da<\/strong>: prof. dr. sc. Vi\u0161nja Pavi\u010di\u0107 Taka\u010d<\/p><p style=\"margin: 0cm 0cm .2pt -.25pt\"><strong>Jezik izvo\u0111enja<\/strong>: hrvatski i engleski, njema\u010dki<\/p><p style=\"margin: 0cm .55pt .2pt -.25pt\"><strong>Broj sati nastave<\/strong>: 6<\/p><p style=\"margin: 0cm .55pt .2pt -.25pt\"><strong>Vrsta nastave<\/strong>:\u00a0 seminar<\/p><p style=\"margin: 0cm .55pt .2pt -.25pt\"><strong>Metode provo\u0111enja nastave<\/strong><em>: <\/em>seminar &#8211; izlaganje, razgovor, \u010ditanje, pisanje &#8211; prakti\u010dni rad<\/p><p style=\"margin: 0cm .55pt .2pt -.25pt\"><strong>Na\u010din izvr\u0161enja obveza<\/strong>: aktivno sudjelovanje u raspravi na nastavi, seminarski rad<\/p><p><strong>Broj ECTS bodova<\/strong>: 3<\/p><p style=\"margin: 0cm 0cm .55pt -.25pt\"><strong><i>Sadr\u017eaj predmeta po temama<\/i><\/strong><\/p><p>Definicije individualnih razlika. Kognitivni faktori. Afektivni faktori. Istra\u017eivanja individualnih razlika. Uloga inteligencije u u\u010denju jezika. Odnos inteligencije i jezi\u010dnoga talenta. Mjerenje jezi\u010dnoga talenta. Stavovi: prema jeziku, izvornim govornicima, u\u010denju jezika, nastavi jezika. Motivacija za u\u010denje stranoga jezika. Stilovi i strategije u\u010denja jezika. Uloga dobi i spola u nastavi. Strah od stranoga jezika.<\/p><p style=\"margin: 0cm 0cm .55pt -.25pt\"><strong><i>Ishodi u\u010denja na razini predmeta<\/i><\/strong><\/p><ul><li style=\"list-style-type: none\"><ul><li style=\"list-style-type: none\"><ul style=\"list-style-type: square\"><li>objasniti kompleksno podru\u010dje individualnih razlika<\/li><li>kriti\u010dki procijeniti spoznaje istra\u017eivanja u ovomu podru\u010dju<\/li><li>kriti\u010dki procijeniti literaturu, posebno opise i rezultate istra\u017eivanja u ovoj domeni<\/li><\/ul><\/li><\/ul><\/li><\/ul><\/div>\n\t\t\t\t<\/div>\n\t\t\t\t\t\t\t<div class=\"elementor-accordion-item\">\n\t\t\t\t\t<div id=\"elementor-tab-title-2372\" class=\"elementor-tab-title\" data-tab=\"2\" role=\"button\" aria-controls=\"elementor-tab-content-2372\" aria-expanded=\"false\">\n\t\t\t\t\t\t\t\t\t\t\t\t\t<span class=\"elementor-accordion-icon elementor-accordion-icon-left\" aria-hidden=\"true\">\n\t\t\t\t\t\t\t\t\t\t\t\t\t\t\t<span class=\"elementor-accordion-icon-closed\"><i class=\"fas fa-plus\"><\/i><\/span>\n\t\t\t\t\t\t\t\t<span class=\"elementor-accordion-icon-opened\"><i class=\"fas fa-minus\"><\/i><\/span>\n\t\t\t\t\t\t\t\t\t\t\t\t\t\t<\/span>\n\t\t\t\t\t\t\t\t\t\t\t\t<a class=\"elementor-accordion-title\" tabindex=\"0\">Motivacija u ovladavanju inim jezikom<\/a>\n\t\t\t\t\t<\/div>\n\t\t\t\t\t<div id=\"elementor-tab-content-2372\" class=\"elementor-tab-content elementor-clearfix\" data-tab=\"2\" role=\"region\" aria-labelledby=\"elementor-tab-title-2372\"><p style=\"margin: 0cm .55pt .2pt -.25pt\"><strong>Vrsta predmeta<\/strong>: <span style=\"color: #339966\">izborni<\/span><\/p><p style=\"margin: 0cm .55pt .2pt -.25pt\"><strong>Ime i prezime nositelja<\/strong>: doc. dr. sc. Sandra Marde\u0161i\u0107<\/p><p style=\"text-indent: 0cm;margin: 0cm 0cm .2pt -.75pt\"><strong>Ime i prezime izvo\u0111a\u010da<\/strong>: doc. dr. sc. Sandra Marde\u0161i\u0107<\/p><p style=\"margin: 0cm 0cm .2pt -.25pt\"><strong>Jezik izvo\u0111enja<\/strong>: hrvatski i engleski, talijanski<\/p><p style=\"margin: 0cm .55pt .2pt -.25pt\"><strong>Broj sati nastave<\/strong>: 6<\/p><p style=\"margin: 0cm .55pt .2pt -.25pt\"><strong>Vrsta nastave<\/strong>:\u00a0 seminar<\/p><p style=\"margin: 0cm .55pt .2pt -.25pt\"><strong>Metode provo\u0111enja nastave<\/strong><em>: <\/em>seminar &#8211; izlaganje, razgovor, \u010ditanje, pisanje &#8211; prakti\u010dni rad<\/p><p style=\"margin: 0cm .55pt .2pt -.25pt\"><strong>Na\u010din izvr\u0161enja obveza<\/strong>:\u00a0 sudjelovanje u raspravi na nastavi, seminarski rad ili izlaganje<\/p><p><strong>Broj ECTS bodova<\/strong>: 3<\/p><p style=\"margin: 0cm 0cm .55pt -.25pt\"><strong><i>Sadr\u017eaj predmeta po temama<\/i><\/strong><\/p><p class=\"MsoNormal\">Definicije motivacije; Modeli motivacije u ovladavanju inim jezikom; \u010cimbenici motivacije u ovladavanju inim jezikom; Metode istra\u017eivanja motivacije; Primjeri stranih istra\u017eivanja motivacije; Primjeri istra\u017eivanja motivacije u hrvatskomu kontekstu; Istra\u017eiva\u010dki rad \u2013 seminar.<\/p><p style=\"margin: 0cm 0cm .55pt -.25pt\"><strong><i>Ishodi u\u010denja na razini predmeta<\/i><\/strong><\/p><ul><li style=\"list-style-type: none\"><ul><li style=\"list-style-type: none\"><ul style=\"list-style-type: square\"><li>definirati pojam motivacije, navesti temeljne modele motivacije u ovladavanju inim jezikom, analizirati ih i usporediti<\/li><li>navesti \u010dimbenike motivacije u ovladavanju inim jezikom, usporediti ih i kriti\u010dki argumentirati<\/li><li>usporediti znanstvene radove iz podru\u010dja motivacije<\/li><li>planirati vlastito istra\u017eivanje u podru\u010dju motivacije i argumentirati vlastite izbore<\/li><\/ul><\/li><\/ul><\/li><\/ul><\/div>\n\t\t\t\t<\/div>\n\t\t\t\t\t\t\t<div class=\"elementor-accordion-item\">\n\t\t\t\t\t<div id=\"elementor-tab-title-2373\" class=\"elementor-tab-title\" data-tab=\"3\" role=\"button\" aria-controls=\"elementor-tab-content-2373\" aria-expanded=\"false\">\n\t\t\t\t\t\t\t\t\t\t\t\t\t<span class=\"elementor-accordion-icon elementor-accordion-icon-left\" aria-hidden=\"true\">\n\t\t\t\t\t\t\t\t\t\t\t\t\t\t\t<span class=\"elementor-accordion-icon-closed\"><i class=\"fas fa-plus\"><\/i><\/span>\n\t\t\t\t\t\t\t\t<span class=\"elementor-accordion-icon-opened\"><i class=\"fas fa-minus\"><\/i><\/span>\n\t\t\t\t\t\t\t\t\t\t\t\t\t\t<\/span>\n\t\t\t\t\t\t\t\t\t\t\t\t<a class=\"elementor-accordion-title\" tabindex=\"0\">Samostalnost u u\u010denju<\/a>\n\t\t\t\t\t<\/div>\n\t\t\t\t\t<div id=\"elementor-tab-content-2373\" class=\"elementor-tab-content elementor-clearfix\" data-tab=\"3\" role=\"region\" aria-labelledby=\"elementor-tab-title-2373\"><p style=\"margin: 0cm .55pt .2pt -.25pt\"><strong>Vrsta predmeta<\/strong>: <span style=\"color: #339966\">izborni<\/span><\/p><p style=\"margin: 0cm .55pt .2pt -.25pt\"><strong>Ime i prezime nositelja<\/strong>: doc. dr. sc. Mirela Landsman Vinkovi\u0107<\/p><p style=\"text-indent: 0cm;margin: 0cm 0cm .2pt -.75pt\"><strong>Ime i prezime izvo\u0111a\u010da<\/strong>: doc. dr. sc. Mirela Landsman Vinkovi\u0107, izv. prof. dr. sc. Marija L\u00fctze-Miculini\u0107<\/p><p style=\"margin: 0cm 0cm .2pt -.25pt\"><strong>Jezik izvo\u0111enja<\/strong>: hrvatski i engleski, njema\u010dki, francuski<\/p><p style=\"margin: 0cm .55pt .2pt -.25pt\"><strong>Broj sati nastave<\/strong>: 6<\/p><p style=\"margin: 0cm .55pt .2pt -.25pt\"><strong>Vrsta nastave<\/strong>: seminar<\/p><p style=\"margin: 0cm .55pt .2pt -.25pt\"><strong>Metode provo\u0111enja nastave<\/strong><em>:<\/em>seminar &#8211; izlaganje, razgovor, \u010ditanje, pisanje &#8211; prakti\u010dni rad.<\/p><p style=\"margin: 0cm .55pt .2pt -.25pt\"><strong>Na\u010din izvr\u0161enja obveza<\/strong>: aktivno sudjelovanje u raspravi na nastavi, predstavljanje primjera iz nastavne prakse, seminarski rad<\/p><p><strong>Broj ECTS bodova<\/strong>: 3<\/p><p style=\"margin: 0cm 0cm .55pt -.25pt\"><strong><i>Sadr\u017eaj predmeta po temama<\/i><\/strong><\/p><p>Seminar je kombinacija uvodnoga predavanja nositeljice kolegija i slikokaza koje predstavljaju polaznici kolegija obja\u0161njavaju\u0107i primjere iz nastavne prakse.- nastava usmjerena na u\u010denika; &#8211; samostalnost u u\u010denju i samou\u010denje; &#8211; glavna obilje\u017eja samostalnosti u u\u010denju; &#8211; teorijska i politi\u010dka pozadina; &#8211; alati europske jezi\u010dne politike za razvijanje samostalnosti u OVIJ-u; &#8211; procjenjivanje prikladnosti alata, strategija, metoda i pristupa za poticanje samostalnosti u u\u010denju; &#8211; vrjednovanje doma\u0107e i inozemne znanstvene i stru\u010dne literature o samostalnosti u u\u010denju inih jezika; &#8211; koncipiranje nastave koja poti\u010de u\u010denikovu samostalnost pri OVIJ-u.<\/p><p style=\"margin: 0cm 0cm .55pt -.25pt\"><strong><i>Ishodi u\u010denja na razini predmeta<\/i><\/strong><\/p><ul><li style=\"list-style-type: none\"><ul><li style=\"list-style-type: none\"><ul style=\"list-style-type: square\"><li>objasniti glavna obilje\u017eja samostalnosti u u\u010denju<\/li><li>izlo\u017eiti teorijsku i politi\u010dku pozadinu ideje samostalnosti u u\u010denju inih jezika<\/li><li>procijeniti prikladnost alata, strategija, metoda i pristupa za poticanje samostalnosti u u\u010denju vode\u0107i brigu o kognitivnim sposobnostima u\u010denika u procesu OVIJ-a<\/li><li>kriti\u010dki vrjednovati doma\u0107u i inozemnu znanstvenu i stru\u010dnu literaturu o samostalnosti u u\u010denju inih jezika<\/li><li>samostalno osmisliti nastavu koja poti\u010de u\u010denikovu samostalnost u OVIJ-u<\/li><\/ul><\/li><\/ul><\/li><\/ul><\/div>\n\t\t\t\t<\/div>\n\t\t\t\t\t\t\t<div class=\"elementor-accordion-item\">\n\t\t\t\t\t<div id=\"elementor-tab-title-2374\" class=\"elementor-tab-title\" data-tab=\"4\" role=\"button\" aria-controls=\"elementor-tab-content-2374\" aria-expanded=\"false\">\n\t\t\t\t\t\t\t\t\t\t\t\t\t<span class=\"elementor-accordion-icon elementor-accordion-icon-left\" aria-hidden=\"true\">\n\t\t\t\t\t\t\t\t\t\t\t\t\t\t\t<span class=\"elementor-accordion-icon-closed\"><i class=\"fas fa-plus\"><\/i><\/span>\n\t\t\t\t\t\t\t\t<span class=\"elementor-accordion-icon-opened\"><i class=\"fas fa-minus\"><\/i><\/span>\n\t\t\t\t\t\t\t\t\t\t\t\t\t\t<\/span>\n\t\t\t\t\t\t\t\t\t\t\t\t<a class=\"elementor-accordion-title\" tabindex=\"0\">Strategije u\u010denja stranoga jezika<\/a>\n\t\t\t\t\t<\/div>\n\t\t\t\t\t<div id=\"elementor-tab-content-2374\" class=\"elementor-tab-content elementor-clearfix\" data-tab=\"4\" role=\"region\" aria-labelledby=\"elementor-tab-title-2374\"><p style=\"margin: 0cm .55pt .2pt -.25pt\"><strong>Vrsta predmeta<\/strong>: <span style=\"color: #339966\">izborni<\/span><\/p><p style=\"text-indent: 0cm;margin: 0cm 0cm .2pt -.75pt\"><strong>Ime i prezime nostielja<\/strong>: prof. dr. sc. Vi\u0161nja Pavi\u010di\u0107 Taka\u010d<\/p><p style=\"text-indent: 0cm;margin: 0cm 0cm .2pt -.75pt\"><span style=\"font-weight: bold\">Ime i prezime izvo\u0111a\u010da<\/span>: prof. dr. sc. Vi\u0161nja Pavi\u010di\u0107 Taka\u010d<\/p><p style=\"margin: 0cm 0cm .2pt -.25pt\"><strong>Jezik izvo\u0111enja<\/strong>: hrvatski i engleski, njema\u010dki<\/p><p style=\"margin: 0cm .55pt .2pt -.25pt\"><strong>Broj sati nastave<\/strong>: 6<\/p><p style=\"margin: 0cm .55pt .2pt -.25pt\"><strong>Vrsta nastave<\/strong>:\u00a0 seminar, konzultacije &#8211; individualna nastava<\/p><p style=\"margin: 0cm .55pt .2pt -.25pt\"><strong>Metode provo\u0111enja nastave<\/strong><em>: <\/em>seminar &#8211; izlaganje, razgovor, \u010ditanje, pisanje &#8211; prakti\u010dni rad<\/p><p style=\"margin: 0cm .55pt .2pt -.25pt\"><strong>Na\u010din izvr\u0161enja obveza<\/strong>: aktivno sudjelovanje u raspravi na nasatavi, seminarski rad<\/p><p><strong>Broj ECTS bodova<\/strong>: 3<\/p><p style=\"margin: 0cm 0cm .55pt -.25pt\"><strong><i>Sadr\u017eaj predmeta po temama<\/i><\/strong><\/p><p>Definicija i klasifikacije strategija u\u010denja stranoga jezika; strategije u\u010denja u teorijama i modelima u\u010denja i usvajanja stranoga jezika. Istra\u017eivanja strategija u\u010denja: strategije u\u010denja i jezi\u010dna kompetencija; strategije u\u010denja i ostali \u010dimbenici; metode istra\u017eivanja strategija u\u010denja.<\/p><p style=\"margin: 0cm 0cm .55pt -.25pt\"><strong><i>Ishodi u\u010denja na razini predmeta<\/i><\/strong><\/p><ul><li style=\"list-style-type: none\"><ul><li style=\"list-style-type: none\"><ul style=\"list-style-type: square\"><li>nabrojiti osnovne zna\u010dajke strategija u\u010denja<\/li><li>objasniti ulogu strategija u\u010denja u procesu u\u010denja stranoga jezika<\/li><li>kriti\u010dki procijeniti provedena istra\u017eivanja strategija u\u010denja i njihove implikacije<\/li><li>samostalno oblikovati usmeni i pisani prikaz odabranoga problema u podru\u010dju strategija u\u010denja<\/li><\/ul><\/li><\/ul><\/li><\/ul><\/div>\n\t\t\t\t<\/div>\n\t\t\t\t\t\t\t\t<\/div>\n\t\t\t\t\t\t<\/div>\n\t\t\t\t<\/div>\n\t\t\t\t\t<\/div>\n\t\t<\/div>\n\t\t\t\t\t<\/div>\n\t\t<\/section>\n\t\t\t\t<\/div>\n\t\t","protected":false},"excerpt":{"rendered":"<p>Individualne razlike Vrsta predmeta: izborni Ime i prezime nositelja: prof. dr. sc. Vi\u0161nja Pavi\u010di\u0107 Taka\u010d Ime i prezime izvo\u0111a\u010da: prof. dr. sc. Vi\u0161nja Pavi\u010di\u0107 Taka\u010d Jezik izvo\u0111enja: hrvatski i engleski, njema\u010dki Broj sati nastave: 6 Vrsta nastave:\u00a0 seminar Metode provo\u0111enja nastave: seminar &#8211; izlaganje, razgovor, \u010ditanje, pisanje &#8211; prakti\u010dni rad Na\u010din izvr\u0161enja obveza: aktivno sudjelovanje &hellip; <a href=\"https:\/\/pds.ffzg.unizg.hr\/glotodidaktika\/program\/struktura\/izborni-kolegiji\/izborni-kolegiji-fokus-na-ucenika-u-ovladavanju-jezikom\/\" class=\"more-link\">Nastavi \u010ditati<span class=\"screen-reader-text\"> &#8220;Izborni kolegiji &#8211; Fokus na u\u010denika u ovladavanju jezikom&#8221;<\/span><\/a><\/p>\n","protected":false},"author":10,"featured_media":0,"parent":269,"menu_order":0,"comment_status":"closed","ping_status":"closed","template":"","meta":{"footnotes":""},"class_list":["post-507","page","type-page","status-publish","hentry"],"_links":{"self":[{"href":"https:\/\/pds.ffzg.unizg.hr\/glotodidaktika\/wp-json\/wp\/v2\/pages\/507","targetHints":{"allow":["GET"]}}],"collection":[{"href":"https:\/\/pds.ffzg.unizg.hr\/glotodidaktika\/wp-json\/wp\/v2\/pages"}],"about":[{"href":"https:\/\/pds.ffzg.unizg.hr\/glotodidaktika\/wp-json\/wp\/v2\/types\/page"}],"author":[{"embeddable":true,"href":"https:\/\/pds.ffzg.unizg.hr\/glotodidaktika\/wp-json\/wp\/v2\/users\/10"}],"replies":[{"embeddable":true,"href":"https:\/\/pds.ffzg.unizg.hr\/glotodidaktika\/wp-json\/wp\/v2\/comments?post=507"}],"version-history":[{"count":22,"href":"https:\/\/pds.ffzg.unizg.hr\/glotodidaktika\/wp-json\/wp\/v2\/pages\/507\/revisions"}],"predecessor-version":[{"id":710,"href":"https:\/\/pds.ffzg.unizg.hr\/glotodidaktika\/wp-json\/wp\/v2\/pages\/507\/revisions\/710"}],"up":[{"embeddable":true,"href":"https:\/\/pds.ffzg.unizg.hr\/glotodidaktika\/wp-json\/wp\/v2\/pages\/269"}],"wp:attachment":[{"href":"https:\/\/pds.ffzg.unizg.hr\/glotodidaktika\/wp-json\/wp\/v2\/media?parent=507"}],"curies":[{"name":"wp","href":"https:\/\/api.w.org\/{rel}","templated":true}]}}